Last updated on 2025-10-27 09:50:30 CET.
| Flavor | Version | Tinstall | Tcheck | Ttotal | Status | Flags | 
|---|---|---|---|---|---|---|
| r-devel-linux-x86_64-debian-clang | 1.0.2 | 1.83 | 33.27 | 35.10 | NOTE | |
| r-devel-linux-x86_64-debian-gcc | 1.0.2 | 1.79 | 26.07 | 27.86 | NOTE | |
| r-devel-linux-x86_64-fedora-clang | 1.0.2 | 53.09 | OK | |||
| r-devel-linux-x86_64-fedora-gcc | 1.0.2 | 63.39 | OK | |||
| r-devel-windows-x86_64 | 1.0.2 | 5.00 | 52.00 | 57.00 | OK | |
| r-patched-linux-x86_64 | 1.0.2 | 2.06 | 30.50 | 32.56 | OK | |
| r-release-linux-x86_64 | 1.0.2 | 2.39 | 30.22 | 32.61 | OK | |
| r-release-macos-arm64 | 1.0.2 | 1.00 | 34.00 | 35.00 | OK | |
| r-release-macos-x86_64 | 1.0.2 | 3.00 | 72.00 | 75.00 | OK | |
| r-release-windows-x86_64 | 1.0.2 | 6.00 | 55.00 | 61.00 | OK | |
| r-oldrel-macos-arm64 | 1.0.2 | 1.00 | 26.00 | 27.00 | NOTE | |
| r-oldrel-macos-x86_64 | 1.0.2 | 2.00 | 36.00 | 38.00 | NOTE | |
| r-oldrel-windows-x86_64 | 1.0.2 | 6.00 | 63.00 | 69.00 | NOTE | 
Version: 1.0.2
Check: CRAN incoming feasibility
Result: NOTE
  Maintainer: ‘Spencer Nystrom <nystromdev@gmail.com>’
  
  The BugReports field in DESCRIPTION has
    https://github.com/snystrom/cmdfun
  which should likely be
    https://github.com/snystrom/cmdfun/issues
  instead.
Flavors: r-devel-linux-x86_64-debian-clang, r-devel-linux-x86_64-debian-gcc
Version: 1.0.2
Check: LazyData
Result: NOTE
    'LazyData' is specified without a 'data' directory
Flavors: r-oldrel-macos-arm64, r-oldrel-macos-x86_64, r-oldrel-windows-x86_64