CRAN Package Check Results for Package cicerone

Last updated on 2025-11-22 09:49:49 CET.

Flavor Version Tinstall Tcheck Ttotal Status Flags
r-devel-linux-x86_64-debian-clang 1.0.4 2.77 35.91 38.68 OK
r-devel-linux-x86_64-debian-gcc 1.0.4 2.46 27.99 30.45 OK
r-devel-linux-x86_64-fedora-clang 1.0.4 57.34 NOTE
r-devel-windows-x86_64 1.0.4 6.00 56.00 62.00 OK
r-patched-linux-x86_64 1.0.4 3.52 33.28 36.80 OK
r-release-linux-x86_64 1.0.4 3.15 32.59 35.74 OK
r-release-macos-arm64 1.0.4 OK
r-release-macos-x86_64 1.0.4 4.00 35.00 39.00 OK
r-release-windows-x86_64 1.0.4 6.00 55.00 61.00 OK
r-oldrel-macos-arm64 1.0.4 NOTE
r-oldrel-macos-x86_64 1.0.4 3.00 27.00 30.00 NOTE
r-oldrel-windows-x86_64 1.0.4 7.00 61.00 68.00 NOTE

Check Details

Version: 1.0.4
Check: dependencies in R code
Result: NOTE Namespace in Imports field not imported from: ‘R6’ All declared Imports should be used. Flavor: r-devel-linux-x86_64-fedora-clang

Version: 1.0.4
Check: LazyData
Result: NOTE 'LazyData' is specified without a 'data' directory Flavors: r-oldrel-macos-arm64, r-oldrel-macos-x86_64, r-oldrel-windows-x86_64