Last updated on 2025-11-16 09:49:22 CET.
| Flavor | Version | Tinstall | Tcheck | Ttotal | Status | Flags |
|---|---|---|---|---|---|---|
| r-devel-linux-x86_64-debian-clang | 0.3.0 | 7.94 | 99.97 | 107.91 | OK | |
| r-devel-linux-x86_64-debian-gcc | 0.3.0 | 5.88 | 73.73 | 79.61 | NOTE | |
| r-devel-linux-x86_64-fedora-clang | 0.3.0 | 19.00 | 145.81 | 164.81 | OK | |
| r-devel-linux-x86_64-fedora-gcc | 0.3.0 | 18.00 | 161.04 | 179.04 | OK | |
| r-devel-windows-x86_64 | 0.3.0 | 12.00 | 98.00 | 110.00 | OK | |
| r-patched-linux-x86_64 | 0.3.0 | 7.69 | 97.38 | 105.07 | OK | |
| r-release-linux-x86_64 | 0.3.0 | 6.83 | 97.06 | 103.89 | OK | |
| r-release-macos-arm64 | 0.3.0 | 4.00 | 45.00 | 49.00 | OK | |
| r-release-macos-x86_64 | 0.3.0 | 10.00 | 116.00 | 126.00 | OK | |
| r-release-windows-x86_64 | 0.3.0 | 10.00 | 99.00 | 109.00 | OK | |
| r-oldrel-macos-arm64 | 0.3.0 | 4.00 | 50.00 | 54.00 | OK | |
| r-oldrel-macos-x86_64 | 0.3.0 | 5.00 | 73.00 | 78.00 | OK | |
| r-oldrel-windows-x86_64 | 0.3.0 | 13.00 | 123.00 | 136.00 | OK |
Version: 0.3.0
Check: CRAN incoming feasibility
Result: NOTE
Maintainer: ‘Mauricio Vargas <mavargas11@uc.cl>’
The BugReports field in DESCRIPTION has
https://github.com/pachadotdev/chilemapas/issues/
which should likely be
https://github.com/pachadotdev/chilemapas/issues/issues
instead.
Flavor: r-devel-linux-x86_64-debian-gcc