Last updated on 2025-11-16 09:49:22 CET.
| Flavor | Version | Tinstall | Tcheck | Ttotal | Status | Flags |
|---|---|---|---|---|---|---|
| r-devel-linux-x86_64-debian-clang | 1.0.1 | 6.00 | 72.61 | 78.61 | OK | |
| r-devel-linux-x86_64-debian-gcc | 1.0.1 | 4.74 | 57.12 | 61.86 | OK | |
| r-devel-linux-x86_64-fedora-clang | 1.0.1 | 13.00 | 107.50 | 120.50 | OK | |
| r-devel-linux-x86_64-fedora-gcc | 1.0.1 | 12.00 | 119.05 | 131.05 | OK | |
| r-devel-windows-x86_64 | 1.0.1 | 10.00 | 101.00 | 111.00 | OK | |
| r-patched-linux-x86_64 | 1.0.1 | 5.90 | 69.53 | 75.43 | OK | |
| r-release-linux-x86_64 | 1.0.1 | 5.55 | 69.46 | 75.01 | OK | |
| r-release-macos-arm64 | 1.0.1 | 3.00 | 52.00 | 55.00 | OK | |
| r-release-macos-x86_64 | 1.0.1 | 6.00 | 100.00 | 106.00 | OK | |
| r-release-windows-x86_64 | 1.0.1 | 8.00 | 110.00 | 118.00 | OK | |
| r-oldrel-macos-arm64 | 1.0.1 | 3.00 | 42.00 | 45.00 | NOTE | |
| r-oldrel-macos-x86_64 | 1.0.1 | 4.00 | 60.00 | 64.00 | NOTE | |
| r-oldrel-windows-x86_64 | 1.0.1 | 11.00 | 112.00 | 123.00 | NOTE |
Version: 1.0.1
Check: LazyData
Result: NOTE
'LazyData' is specified without a 'data' directory
Flavors: r-oldrel-macos-arm64, r-oldrel-macos-x86_64, r-oldrel-windows-x86_64