Last updated on 2025-11-15 11:50:40 CET.
| Flavor | Version | Tinstall | Tcheck | Ttotal | Status | Flags |
|---|---|---|---|---|---|---|
| r-devel-linux-x86_64-debian-clang | 1.0.0 | 2.76 | 110.94 | 113.70 | OK | |
| r-devel-linux-x86_64-debian-gcc | 1.0.0 | 1.99 | 73.93 | 75.92 | OK | |
| r-devel-linux-x86_64-fedora-clang | 1.0.0 | 177.59 | NOTE | |||
| r-devel-linux-x86_64-fedora-gcc | 1.0.0 | 181.63 | NOTE | |||
| r-devel-windows-x86_64 | 1.0.0 | 6.00 | 119.00 | 125.00 | OK | |
| r-patched-linux-x86_64 | 1.0.0 | 2.66 | 102.89 | 105.55 | OK | |
| r-release-linux-x86_64 | 1.0.0 | 2.40 | 103.83 | 106.23 | OK | |
| r-release-macos-arm64 | 1.0.0 | 2.00 | 55.00 | 57.00 | OK | |
| r-release-macos-x86_64 | 1.0.0 | 3.00 | 112.00 | 115.00 | OK | |
| r-release-windows-x86_64 | 1.0.0 | 5.00 | 118.00 | 123.00 | OK | |
| r-oldrel-macos-arm64 | 1.0.0 | 1.00 | 52.00 | 53.00 | OK | |
| r-oldrel-macos-x86_64 | 1.0.0 | 2.00 | 83.00 | 85.00 | OK | |
| r-oldrel-windows-x86_64 | 1.0.0 | 7.00 | 152.00 | 159.00 | OK |
Version: 1.0.0
Check: dependencies in R code
Result: NOTE
Namespaces in Imports field not imported from:
‘AER’ ‘graphics’ ‘lmtest’
All declared Imports should be used.
Flavors: r-devel-linux-x86_64-fedora-clang, r-devel-linux-x86_64-fedora-gcc