Last updated on 2025-11-20 11:51:05 CET.
| Flavor | Version | Tinstall | Tcheck | Ttotal | Status | Flags |
|---|---|---|---|---|---|---|
| r-devel-linux-x86_64-debian-clang | 0.1.3 | 8.00 | 76.44 | 84.44 | NOTE | |
| r-devel-linux-x86_64-debian-gcc | 0.1.3 | 5.45 | 53.70 | 59.15 | NOTE | |
| r-devel-linux-x86_64-fedora-clang | 0.1.3 | 19.00 | 110.73 | 129.73 | OK | |
| r-devel-linux-x86_64-fedora-gcc | 0.1.3 | 14.00 | 104.09 | 118.09 | OK | |
| r-devel-windows-x86_64 | 0.1.3 | 10.00 | 78.00 | 88.00 | OK | |
| r-patched-linux-x86_64 | 0.1.3 | 6.35 | 69.76 | 76.11 | OK | |
| r-release-linux-x86_64 | 0.1.3 | 6.38 | 70.14 | 76.52 | OK | |
| r-release-macos-arm64 | 0.1.3 | OK | ||||
| r-release-macos-x86_64 | 0.1.3 | 8.00 | 69.00 | 77.00 | OK | |
| r-release-windows-x86_64 | 0.1.3 | 9.00 | 79.00 | 88.00 | OK | |
| r-oldrel-macos-arm64 | 0.1.3 | OK | ||||
| r-oldrel-macos-x86_64 | 0.1.3 | 9.00 | 55.00 | 64.00 | OK | |
| r-oldrel-windows-x86_64 | 0.1.3 | 11.00 | 96.00 | 107.00 | OK |
Version: 0.1.3
Check: CRAN incoming feasibility
Result: NOTE
Maintainer: ‘David Watson <david.s.watson11@gmail.com>’
The Description field contains
details, see Watson & Silva (2022) <arXiv:2205.05715>.
Please refer to arXiv e-prints via their arXiv DOI <doi:10.48550/arXiv.YYMM.NNNNN>.
Flavors: r-devel-linux-x86_64-debian-clang, r-devel-linux-x86_64-debian-gcc