Last updated on 2025-10-30 09:49:45 CET.
| Flavor | Version | Tinstall | Tcheck | Ttotal | Status | Flags | 
|---|---|---|---|---|---|---|
| r-devel-linux-x86_64-debian-clang | 0.2.2 | 3.69 | 43.44 | 47.13 | OK | |
| r-devel-linux-x86_64-debian-gcc | 0.2.2 | 2.40 | 32.82 | 35.22 | OK | |
| r-devel-linux-x86_64-fedora-clang | 0.2.2 | 70.71 | OK | |||
| r-devel-linux-x86_64-fedora-gcc | 0.2.2 | 82.04 | OK | |||
| r-devel-windows-x86_64 | 0.2.2 | 5.00 | 57.00 | 62.00 | OK | |
| r-patched-linux-x86_64 | 0.2.2 | 3.65 | 40.34 | 43.99 | OK | |
| r-release-linux-x86_64 | 0.2.2 | 3.20 | 39.40 | 42.60 | OK | |
| r-release-macos-arm64 | 0.2.2 | 3.00 | 30.00 | 33.00 | OK | |
| r-release-macos-x86_64 | 0.2.2 | 3.00 | 52.00 | 55.00 | OK | |
| r-release-windows-x86_64 | 0.2.2 | 6.00 | 59.00 | 65.00 | OK | |
| r-oldrel-macos-arm64 | 0.2.2 | 2.00 | 29.00 | 31.00 | NOTE | |
| r-oldrel-macos-x86_64 | 0.2.2 | 2.00 | 42.00 | 44.00 | NOTE | |
| r-oldrel-windows-x86_64 | 0.2.2 | 6.00 | 70.00 | 76.00 | NOTE | 
Version: 0.2.2
Check: LazyData
Result: NOTE
    'LazyData' is specified without a 'data' directory
Flavors: r-oldrel-macos-arm64, r-oldrel-macos-x86_64, r-oldrel-windows-x86_64