Last updated on 2025-11-22 09:49:48 CET.
| Flavor | Version | Tinstall | Tcheck | Ttotal | Status | Flags |
|---|---|---|---|---|---|---|
| r-devel-linux-x86_64-debian-clang | 3.0-5 | 2.57 | 27.54 | 30.11 | NOTE | |
| r-devel-linux-x86_64-debian-gcc | 3.0-5 | 2.23 | 21.19 | 23.42 | NOTE | |
| r-devel-linux-x86_64-fedora-clang | 3.0-5 | 45.29 | NOTE | |||
| r-devel-windows-x86_64 | 3.0-5 | 10.00 | 55.00 | 65.00 | NOTE | |
| r-patched-linux-x86_64 | 3.0-5 | 4.07 | 22.81 | 26.88 | NOTE | |
| r-release-linux-x86_64 | 3.0-5 | 2.49 | 22.94 | 25.43 | NOTE | |
| r-release-macos-arm64 | 3.0-5 | NOTE | ||||
| r-release-macos-x86_64 | 3.0-5 | 3.00 | 22.00 | 25.00 | NOTE | |
| r-release-windows-x86_64 | 3.0-5 | 8.00 | 52.00 | 60.00 | NOTE | |
| r-oldrel-macos-arm64 | 3.0-5 | NOTE | ||||
| r-oldrel-macos-x86_64 | 3.0-5 | 5.00 | 22.00 | 27.00 | NOTE | |
| r-oldrel-windows-x86_64 | 3.0-5 | 7.00 | 59.00 | 66.00 | NOTE |
Version: 3.0-5
Check: Rd files
Result: NOTE
checkRd: (-1) States.Rd:48: Escaped LaTeX specials: \$
Flavors: r-devel-linux-x86_64-debian-clang, r-devel-linux-x86_64-debian-gcc, r-devel-linux-x86_64-fedora-clang, r-devel-windows-x86_64, r-patched-linux-x86_64, r-release-linux-x86_64, r-release-macos-arm64, r-release-macos-x86_64, r-release-windows-x86_64, r-oldrel-macos-arm64, r-oldrel-macos-x86_64, r-oldrel-windows-x86_64