Last updated on 2025-11-22 09:49:48 CET.
| Flavor | Version | Tinstall | Tcheck | Ttotal | Status | Flags |
|---|---|---|---|---|---|---|
| r-devel-linux-x86_64-debian-clang | 1.2-8 | 4.29 | 56.67 | 60.96 | NOTE | |
| r-devel-linux-x86_64-debian-gcc | 1.2-8 | 2.98 | 42.21 | 45.19 | NOTE | |
| r-devel-linux-x86_64-fedora-clang | 1.2-8 | 89.02 | OK | |||
| r-devel-windows-x86_64 | 1.2-8 | 7.00 | 88.00 | 95.00 | OK | |
| r-patched-linux-x86_64 | 1.2-8 | 5.66 | 51.24 | 56.90 | OK | |
| r-release-linux-x86_64 | 1.2-8 | 3.66 | 51.01 | 54.67 | OK | |
| r-release-macos-arm64 | 1.2-8 | OK | ||||
| r-release-macos-x86_64 | 1.2-8 | 6.00 | 87.00 | 93.00 | OK | |
| r-release-windows-x86_64 | 1.2-8 | 6.00 | 88.00 | 94.00 | OK | |
| r-oldrel-macos-arm64 | 1.2-8 | OK | ||||
| r-oldrel-macos-x86_64 | 1.2-8 | 5.00 | 77.00 | 82.00 | OK | |
| r-oldrel-windows-x86_64 | 1.2-8 | 7.00 | 100.00 | 107.00 | OK |
Version: 1.2-8
Check: CRAN incoming feasibility
Result: NOTE
Maintainer: ‘Robin K. S. Hankin <hankin.robin@gmail.com>’
Package CITATION file contains call(s) to old-style citEntry(). Please
use bibentry() instead.
Flavors: r-devel-linux-x86_64-debian-clang, r-devel-linux-x86_64-debian-gcc