Last updated on 2025-11-22 09:49:48 CET.
| Flavor | Version | Tinstall | Tcheck | Ttotal | Status | Flags |
|---|---|---|---|---|---|---|
| r-devel-linux-x86_64-debian-clang | 1.0.0 | 14.64 | 124.88 | 139.52 | OK | |
| r-devel-linux-x86_64-debian-gcc | 1.0.0 | 9.50 | 92.47 | 101.97 | OK | |
| r-devel-linux-x86_64-fedora-clang | 1.0.0 | 27.00 | 189.07 | 216.07 | OK | |
| r-devel-windows-x86_64 | 1.0.0 | 19.00 | 139.00 | 158.00 | OK | |
| r-patched-linux-x86_64 | 1.0.0 | 14.49 | 119.74 | 134.23 | OK | |
| r-release-linux-x86_64 | 1.0.0 | 13.95 | 121.59 | 135.54 | OK | |
| r-release-macos-arm64 | 1.0.1 | 0.00 | 5.00 | 5.00 | ERROR | |
| r-release-macos-x86_64 | 1.0.0 | 12.00 | 195.00 | 207.00 | OK | |
| r-release-windows-x86_64 | 1.0.0 | 16.00 | 137.00 | 153.00 | OK | |
| r-oldrel-macos-arm64 | 1.0.1 | 0.00 | 10.00 | 10.00 | ERROR | |
| r-oldrel-macos-x86_64 | 1.0.0 | 13.00 | 179.00 | 192.00 | OK | |
| r-oldrel-windows-x86_64 | 1.0.0 | 25.00 | 172.00 | 197.00 | OK |
Version: 1.0.1
Check: whether package can be installed
Result: ERROR
Installation failed.
Flavors: r-release-macos-arm64, r-oldrel-macos-arm64