Last updated on 2025-10-24 09:49:57 CEST.
| Flavor | Version | Tinstall | Tcheck | Ttotal | Status | Flags |
|---|---|---|---|---|---|---|
| r-devel-linux-x86_64-debian-clang | 3.2-0 | 17.55 | 200.76 | 218.31 | NOTE | |
| r-devel-linux-x86_64-debian-gcc | 3.2-0 | 12.09 | 137.93 | 150.02 | OK | |
| r-devel-linux-x86_64-fedora-clang | 3.2-0 | 102.00 | 258.38 | 360.38 | OK | |
| r-devel-linux-x86_64-fedora-gcc | 3.2-0 | 40.00 | 311.01 | 351.01 | OK | |
| r-devel-windows-x86_64 | 3.2-0 | 22.00 | 223.00 | 245.00 | OK | |
| r-patched-linux-x86_64 | 3.2-0 | 16.59 | 190.12 | 206.71 | OK | |
| r-release-linux-x86_64 | 3.2-0 | 17.35 | 189.50 | 206.85 | OK | |
| r-release-macos-arm64 | 3.2-0 | 8.00 | 92.00 | 100.00 | OK | |
| r-release-macos-x86_64 | 3.2-0 | 13.00 | 192.00 | 205.00 | OK | |
| r-release-windows-x86_64 | 3.2-0 | 25.00 | 222.00 | 247.00 | OK | |
| r-oldrel-macos-arm64 | 3.2-0 | 8.00 | 95.00 | 103.00 | OK | |
| r-oldrel-macos-x86_64 | 3.2-0 | 11.00 | 193.00 | 204.00 | OK | |
| r-oldrel-windows-x86_64 | 3.2-0 | 28.00 | 284.00 | 312.00 | OK |
Version: 3.2-0
Check: HTML version of manual
Result: NOTE
Found the following HTML validation problems:
foldExplorer.html:54:1 (foldExplorer.Rd:14): Warning: missing </ul> before </div>
Flavor: r-devel-linux-x86_64-debian-clang