Last updated on 2025-10-23 10:48:36 CEST.
Flavor | Version | Tinstall | Tcheck | Ttotal | Status | Flags |
---|---|---|---|---|---|---|
r-devel-linux-x86_64-debian-clang | 1.1.46 | 52.48 | 106.78 | 159.26 | NOTE | |
r-devel-linux-x86_64-debian-gcc | 1.1.46 | 37.88 | 75.62 | 113.50 | OK | |
r-devel-linux-x86_64-fedora-clang | 1.1.46 | 184.00 | 96.79 | 280.79 | OK | |
r-devel-linux-x86_64-fedora-gcc | 1.1.46 | 107.00 | 145.39 | 252.39 | OK | |
r-devel-windows-x86_64 | 1.1.46 | 59.00 | 122.00 | 181.00 | OK | |
r-patched-linux-x86_64 | 1.1.46 | 56.21 | 103.66 | 159.87 | OK | |
r-release-linux-x86_64 | 1.1.46 | 55.72 | 102.84 | 158.56 | OK | |
r-release-macos-arm64 | 1.1.46 | 24.00 | 46.00 | 70.00 | OK | |
r-release-macos-x86_64 | 1.1.46 | 49.00 | 88.00 | 137.00 | OK | |
r-release-windows-x86_64 | 1.1.46 | 58.00 | 126.00 | 184.00 | OK | |
r-oldrel-macos-arm64 | 1.1.46 | 26.00 | 44.00 | 70.00 | NOTE | |
r-oldrel-macos-x86_64 | 1.1.46 | 49.00 | 70.00 | 119.00 | NOTE | |
r-oldrel-windows-x86_64 | 1.1.46 | 74.00 | 166.00 | 240.00 | OK |
Version: 1.1.46
Check: top-level files
Result: NOTE
Found the following validation problem for the NEWS.Rd HTML conversion:
NEWS.html:328:1 (inst/NEWS.Rd:133): Warning: missing </ul> before </div>
NEWS.html:80:1 (inst/NEWS.Rd:29): Warning: <h4> anchor "DEPENDENCIES" already defined
NEWS.html:113:1 (inst/NEWS.Rd:44): Warning: <h4> anchor "USER-LEVEL-CHANGES" already defined
NEWS.html:130:1 (inst/NEWS.Rd:51): Warning: <h4> anchor "CORRECTED-BUGS" already defined
NEWS.html:157:1 (inst/NEWS.Rd:62): Warning: <h4> anchor "USER-LEVEL-CHANGES" already defined
NEWS.html:186:1 (inst/NEWS.Rd:75): Warning: <h4> anchor "USER-LEVEL-CHANGES" already defined
NEWS.html:201:1 (inst/NEWS.Rd:82): Warning: <h4> anchor "USER-LEVEL-CHANGES" already defined
NEWS.html:218:1 (inst/NEWS.Rd:89): Warning: <h4> anchor "CORRECTED-BUGS" already defined
NEWS.html:238:1 (inst/NEWS.Rd:97): Warning: <h4> anchor "OTHER-CHANGES" already defined
NEWS.html:273:1 (inst/NEWS.Rd:112): Warning: <h4> anchor "USER-LEVEL-CHANGES" already defined
NEWS.html:284:1 (inst/NEWS.Rd:117): Warning: <h4> anchor "OTHER-CHANGES" already defined
NEWS.html:299:1 (inst/NEWS.Rd:124): Warning: <h4> anchor "BUGS" already defined
Flavor: r-devel-linux-x86_64-debian-clang
Version: 1.1.46
Check: installed package size
Result: NOTE
installed size is 10.1Mb
sub-directories of 1Mb or more:
libs 9.5Mb
Flavors: r-oldrel-macos-arm64, r-oldrel-macos-x86_64