Last updated on 2025-10-26 10:49:46 CET.
| Flavor | Version | Tinstall | Tcheck | Ttotal | Status | Flags |
|---|---|---|---|---|---|---|
| r-devel-linux-x86_64-debian-clang | 0.3.2 | 142.65 | 222.63 | 365.28 | OK | |
| r-devel-linux-x86_64-debian-gcc | 0.3.2 | 130.03 | 164.63 | 294.66 | OK | |
| r-devel-linux-x86_64-fedora-clang | 0.3.2 | 205.00 | 323.31 | 528.31 | OK | |
| r-devel-linux-x86_64-fedora-gcc | 0.3.2 | 400.00 | 225.08 | 625.08 | OK | |
| r-devel-windows-x86_64 | 0.3.2 | 152.00 | 249.00 | 401.00 | OK | |
| r-patched-linux-x86_64 | 0.3.2 | 162.61 | 217.10 | 379.71 | OK | |
| r-release-linux-x86_64 | 0.3.2 | 158.87 | 217.33 | 376.20 | OK | |
| r-release-macos-arm64 | 0.3.2 | 58.00 | 83.00 | 141.00 | OK | |
| r-release-macos-x86_64 | 0.3.2 | 130.00 | 204.00 | 334.00 | OK | |
| r-release-windows-x86_64 | 0.3.2 | 147.00 | 260.00 | 407.00 | OK | |
| r-oldrel-macos-arm64 | 0.3.2 | 58.00 | 85.00 | 143.00 | NOTE | |
| r-oldrel-macos-x86_64 | 0.3.2 | 133.00 | 206.00 | 339.00 | NOTE | |
| r-oldrel-windows-x86_64 | 0.3.2 | 173.00 | 326.00 | 499.00 | NOTE |
Version: 0.3.2
Check: installed package size
Result: NOTE
installed size is 44.1Mb
sub-directories of 1Mb or more:
libs 42.8Mb
Flavors: r-oldrel-macos-arm64, r-oldrel-macos-x86_64
Version: 0.3.2
Check: for GNU extensions in Makefiles
Result: NOTE
GNU make is a SystemRequirements.
Flavors: r-oldrel-macos-arm64, r-oldrel-macos-x86_64, r-oldrel-windows-x86_64