CRAN Package Check Results for Package bayesWatch

Last updated on 2025-10-22 09:50:27 CEST.

Flavor Version Tinstall Tcheck Ttotal Status Flags
r-devel-linux-x86_64-debian-clang 0.1.4 87.94 107.79 195.73 NOTE
r-devel-linux-x86_64-debian-gcc 0.1.4 57.54 76.31 133.85 NOTE
r-devel-linux-x86_64-fedora-clang 0.1.4 161.00 194.02 355.02 OK
r-devel-linux-x86_64-fedora-gcc 0.1.4 164.00 153.01 317.01 OK
r-devel-windows-x86_64 0.1.4 103.00 126.00 229.00 OK
r-patched-linux-x86_64 0.1.4 85.98 98.70 184.68 OK
r-release-linux-x86_64 0.1.4 88.10 100.80 188.90 OK
r-release-macos-arm64 0.1.4 35.00 47.00 82.00 OK
r-release-macos-x86_64 0.1.4 37.00 104.00 141.00 OK
r-release-windows-x86_64 0.1.4 110.00 120.00 230.00 OK
r-oldrel-macos-arm64 0.1.4 35.00 52.00 87.00 NOTE
r-oldrel-macos-x86_64 0.1.4 36.00 85.00 121.00 NOTE
r-oldrel-windows-x86_64 0.1.4 125.00 156.00 281.00 OK

Check Details

Version: 0.1.4
Check: HTML version of manual
Result: NOTE Found the following HTML validation problems: plot.bayesWatch.html:44:1 (plot.bayesWatch.Rd:9): Warning: missing </ul> before </div> print.bayesWatch.html:44:1 (print.bayesWatch.Rd:9): Warning: missing </ul> before </div> Flavors: r-devel-linux-x86_64-debian-clang, r-devel-linux-x86_64-debian-gcc

Version: 0.1.4
Check: installed package size
Result: NOTE installed size is 7.1Mb sub-directories of 1Mb or more: help 2.2Mb libs 4.7Mb Flavors: r-oldrel-macos-arm64, r-oldrel-macos-x86_64