CRAN Package Check Results for Package bayesEO

Last updated on 2025-11-25 10:50:03 CET.

Flavor Version Tinstall Tcheck Ttotal Status Flags
r-devel-linux-x86_64-debian-clang 0.2.2 39.26 59.44 98.70 OK
r-devel-linux-x86_64-debian-gcc 0.2.2 0.32 1.76 2.08 ERROR
r-devel-linux-x86_64-fedora-clang 0.2.2 2.75 ERROR
r-devel-linux-x86_64-fedora-gcc 0.2.2 2.46 ERROR
r-devel-windows-x86_64 0.2.2 53.00 90.00 143.00 OK
r-patched-linux-x86_64 0.2.2 38.74 54.54 93.28 OK
r-release-linux-x86_64 0.2.2 37.97 57.37 95.34 OK
r-release-macos-arm64 0.2.2 OK
r-release-macos-x86_64 0.2.2 25.00 66.00 91.00 OK
r-release-windows-x86_64 0.2.2 51.00 89.00 140.00 OK
r-oldrel-macos-arm64 0.2.2 NOTE
r-oldrel-macos-x86_64 0.2.2 26.00 107.00 133.00 NOTE
r-oldrel-windows-x86_64 0.2.2 61.00 110.00 171.00 NOTE

Check Details

Version: 0.2.2
Check: package dependencies
Result: ERROR Package required but not available: ‘tmap’ See section ‘The DESCRIPTION file’ in the ‘Writing R Extensions’ manual. Flavors: r-devel-linux-x86_64-debian-gcc, r-devel-linux-x86_64-fedora-clang, r-devel-linux-x86_64-fedora-gcc

Version: 0.2.2
Check: installed package size
Result: NOTE installed size is 6.4Mb sub-directories of 1Mb or more: extdata 4.1Mb libs 2.2Mb Flavors: r-oldrel-macos-arm64, r-oldrel-macos-x86_64, r-oldrel-windows-x86_64