Last updated on 2025-11-02 10:50:36 CET.
| Flavor | Version | Tinstall | Tcheck | Ttotal | Status | Flags |
|---|---|---|---|---|---|---|
| r-devel-linux-x86_64-debian-clang | 1.0-2 | 74.77 | 166.11 | 240.88 | OK | |
| r-devel-linux-x86_64-debian-gcc | 1.0-2 | 51.00 | 138.00 | 189.00 | OK | |
| r-devel-linux-x86_64-fedora-clang | 1.0-2 | 133.00 | 194.95 | 327.95 | OK | |
| r-devel-linux-x86_64-fedora-gcc | 1.0-2 | 176.00 | 134.47 | 310.47 | OK | |
| r-devel-windows-x86_64 | 1.0-2 | 87.00 | 109.00 | 196.00 | OK | |
| r-patched-linux-x86_64 | 1.0-2 | 79.75 | 123.87 | 203.62 | OK | |
| r-release-linux-x86_64 | 1.0-2 | 79.74 | 117.34 | 197.08 | OK | |
| r-release-macos-arm64 | 1.0-2 | 30.00 | 110.00 | 140.00 | OK | |
| r-release-macos-x86_64 | 1.0-2 | 33.00 | 153.00 | 186.00 | OK | |
| r-release-windows-x86_64 | 1.0-2 | 81.00 | 110.00 | 191.00 | OK | |
| r-oldrel-macos-arm64 | 1.0-2 | 27.00 | 85.00 | 112.00 | NOTE | |
| r-oldrel-macos-x86_64 | 1.0-2 | 33.00 | 144.00 | 177.00 | NOTE | |
| r-oldrel-windows-x86_64 | 1.0-2 | 101.00 | 132.00 | 233.00 | OK |
Version: 1.0-2
Check: installed package size
Result: NOTE
installed size is 5.3Mb
sub-directories of 1Mb or more:
libs 5.0Mb
Flavors: r-oldrel-macos-arm64, r-oldrel-macos-x86_64