CRAN Package Check Results for Package armspp

Last updated on 2025-11-27 11:49:55 CET.

Flavor Version Tinstall Tcheck Ttotal Status Flags
r-devel-linux-x86_64-debian-clang 0.0.2 18.60 31.33 49.93 NOTE
r-devel-linux-x86_64-debian-gcc 0.0.2 13.50 25.21 38.71 NOTE
r-devel-linux-x86_64-fedora-clang 0.0.2 26.00 62.20 88.20 NOTE
r-devel-linux-x86_64-fedora-gcc 0.0.2 51.00 44.39 95.39 NOTE
r-devel-windows-x86_64 0.0.2 28.00 64.00 92.00 NOTE
r-patched-linux-x86_64 0.0.2 18.10 29.62 47.72 NOTE
r-release-linux-x86_64 0.0.2 17.81 29.54 47.35 NOTE
r-release-macos-arm64 0.0.2 NOTE
r-release-macos-x86_64 0.0.2 9.00 51.00 60.00 NOTE
r-release-windows-x86_64 0.0.2 21.00 64.00 85.00 NOTE
r-oldrel-macos-arm64 0.0.2 NOTE
r-oldrel-macos-x86_64 0.0.2 12.00 47.00 59.00 NOTE
r-oldrel-windows-x86_64 0.0.2 27.00 80.00 107.00 NOTE

Check Details

Version: 0.0.2
Check: C++ specification
Result: NOTE Specified C++11: please drop specification unless essential Flavors: r-devel-linux-x86_64-debian-clang, r-devel-linux-x86_64-debian-gcc, r-devel-windows-x86_64, r-patched-linux-x86_64, r-release-linux-x86_64, r-release-macos-arm64, r-release-macos-x86_64, r-release-windows-x86_64, r-oldrel-macos-arm64, r-oldrel-macos-x86_64, r-oldrel-windows-x86_64

Version: 0.0.2
Check: C++ specification
Result: NOTE Specified C++11: support will be removed soon Flavors: r-devel-linux-x86_64-fedora-clang, r-devel-linux-x86_64-fedora-gcc

Version: 0.0.2
Check: LazyData
Result: NOTE 'LazyData' is specified without a 'data' directory Flavors: r-oldrel-macos-arm64, r-oldrel-macos-x86_64, r-oldrel-windows-x86_64