Last updated on 2025-11-04 10:53:24 CET.
| Flavor | Version | Tinstall | Tcheck | Ttotal | Status | Flags | 
|---|---|---|---|---|---|---|
| r-devel-linux-x86_64-debian-clang | 2.0 | 2.36 | 27.36 | 29.72 | NOTE | |
| r-devel-linux-x86_64-debian-gcc | 2.0 | 1.56 | 21.27 | 22.83 | NOTE | |
| r-devel-linux-x86_64-fedora-clang | 2.0 | 42.85 | OK | |||
| r-devel-linux-x86_64-fedora-gcc | 2.0 | 41.14 | OK | |||
| r-devel-windows-x86_64 | 2.0 | 4.00 | 51.00 | 55.00 | OK | |
| r-patched-linux-x86_64 | 2.0 | 2.41 | 25.90 | 28.31 | OK | |
| r-release-linux-x86_64 | 2.0 | 1.92 | 26.01 | 27.93 | OK | |
| r-release-macos-arm64 | 2.0 | 2.00 | 14.00 | 16.00 | OK | |
| r-release-macos-x86_64 | 2.0 | 3.00 | 30.00 | 33.00 | OK | |
| r-release-windows-x86_64 | 2.0 | 3.00 | 49.00 | 52.00 | OK | |
| r-oldrel-macos-arm64 | 2.0 | 1.00 | 25.00 | 26.00 | OK | |
| r-oldrel-macos-x86_64 | 2.0 | 4.00 | 44.00 | 48.00 | OK | |
| r-oldrel-windows-x86_64 | 2.0 | 4.00 | 61.00 | 65.00 | OK | 
Version: 2.0
Check: CRAN incoming feasibility
Result: NOTE
  Maintainer: ‘Bikram Karmakar <bkarmakar@ufl.edu>’
  
  No Authors@R field in DESCRIPTION.
  Please add one, modifying
    Authors@R: person(given = "Bikram",
                      family = "Karmakar",
                      role = c("aut", "cre"),
                      email = "bkarmakar@ufl.edu")
  as necessary.
Flavors: r-devel-linux-x86_64-debian-clang, r-devel-linux-x86_64-debian-gcc