Last updated on 2025-11-03 09:49:23 CET.
| Flavor | Version | Tinstall | Tcheck | Ttotal | Status | Flags | 
|---|---|---|---|---|---|---|
| r-devel-linux-x86_64-debian-clang | 0.6.0 | 2.03 | 29.67 | 31.70 | NOTE | |
| r-devel-linux-x86_64-debian-gcc | 0.6.0 | 1.57 | 23.54 | 25.11 | NOTE | |
| r-devel-linux-x86_64-fedora-clang | 0.6.0 | 46.02 | NOTE | |||
| r-devel-linux-x86_64-fedora-gcc | 0.6.0 | 57.75 | NOTE | |||
| r-devel-windows-x86_64 | 0.6.0 | 5.00 | 49.00 | 54.00 | NOTE | |
| r-patched-linux-x86_64 | 0.6.0 | 2.10 | 26.98 | 29.08 | NOTE | |
| r-release-linux-x86_64 | 0.6.0 | 1.92 | 26.89 | 28.81 | NOTE | |
| r-release-macos-arm64 | 0.6.0 | 1.00 | 25.00 | 26.00 | NOTE | |
| r-release-macos-x86_64 | 0.6.0 | 2.00 | 40.00 | 42.00 | NOTE | |
| r-release-windows-x86_64 | 0.6.0 | 5.00 | 49.00 | 54.00 | NOTE | |
| r-oldrel-macos-arm64 | 0.6.0 | 1.00 | 23.00 | 24.00 | NOTE | |
| r-oldrel-macos-x86_64 | 0.6.0 | 2.00 | 35.00 | 37.00 | NOTE | |
| r-oldrel-windows-x86_64 | 0.6.0 | 5.00 | 70.00 | 75.00 | NOTE | 
Version: 0.6.0
Check: Rd files
Result: NOTE
  checkRd: (-1) convertCoord.Rd:32: Lost braces
      32 | Please check here{https://lbs.amap.com/faq/account/key/72}}
         |                  ^
  checkRd: (-1) convertCoord.individual.Rd:33: Lost braces
      33 | Please check here{https://lbs.amap.com/faq/account/key/72}}
         |                  ^
  checkRd: (-1) getCoord.Rd:39: Lost braces
      39 | Please check here{https://lbs.amap.com/faq/account/key/72}}
         |                  ^
  checkRd: (-1) getCoord.individual.Rd:39: Lost braces
      39 | here{https://lbs.amap.com/faq/account/key/72}}
         |     ^
  checkRd: (-1) getLocation.Rd:60: Lost braces; missing escapes or markup?
      60 | {https://lbs.amap.com/faq/account/key/72}}
         | ^
  checkRd: (-1) getLocation.individual.Rd:60: Lost braces
      60 | Please check here{https://lbs.amap.com/faq/account/key/72}}
         |                  ^
Flavors: r-devel-linux-x86_64-debian-clang, r-devel-linux-x86_64-debian-gcc, r-devel-linux-x86_64-fedora-clang, r-devel-linux-x86_64-fedora-gcc, r-devel-windows-x86_64, r-patched-linux-x86_64, r-release-linux-x86_64, r-release-macos-arm64, r-release-macos-x86_64, r-release-windows-x86_64, r-oldrel-macos-arm64, r-oldrel-macos-x86_64, r-oldrel-windows-x86_64
Version: 0.6.0
Check: dependencies in R code
Result: NOTE
  Namespace in Imports field not imported from: ‘jsonlite’
    All declared Imports should be used.
Flavors: r-devel-linux-x86_64-fedora-clang, r-devel-linux-x86_64-fedora-gcc