Last updated on 2025-10-30 09:49:43 CET.
| Flavor | Version | Tinstall | Tcheck | Ttotal | Status | Flags | 
|---|---|---|---|---|---|---|
| r-devel-linux-x86_64-debian-clang | 1.0.6 | 9.43 | 83.23 | 92.66 | NOTE | |
| r-devel-linux-x86_64-debian-gcc | 1.0.6 | 6.74 | 61.39 | 68.13 | NOTE | |
| r-devel-linux-x86_64-fedora-clang | 1.0.6 | 25.00 | 117.93 | 142.93 | NOTE | |
| r-devel-linux-x86_64-fedora-gcc | 1.0.6 | 23.00 | 111.96 | 134.96 | NOTE | |
| r-devel-windows-x86_64 | 1.0.6 | 13.00 | 111.00 | 124.00 | NOTE | |
| r-patched-linux-x86_64 | 1.0.6 | 10.62 | 79.48 | 90.10 | NOTE | |
| r-release-linux-x86_64 | 1.0.6 | 9.77 | 80.35 | 90.12 | NOTE | |
| r-release-macos-arm64 | 1.0.6 | 5.00 | 35.00 | 40.00 | NOTE | |
| r-release-macos-x86_64 | 1.0.6 | 8.00 | 73.00 | 81.00 | NOTE | |
| r-release-windows-x86_64 | 1.0.6 | 16.00 | 113.00 | 129.00 | NOTE | |
| r-oldrel-macos-arm64 | 1.0.6 | 4.00 | 36.00 | 40.00 | NOTE | |
| r-oldrel-macos-x86_64 | 1.0.6 | 6.00 | 53.00 | 59.00 | NOTE | |
| r-oldrel-windows-x86_64 | 1.0.6 | 17.00 | 137.00 | 154.00 | NOTE | 
Version: 1.0.6
Check: CRAN incoming feasibility
Result: NOTE
  Maintainer: ‘Sanford Weisberg <sandy@umn.edu>’
  
  No Authors@R field in DESCRIPTION.
  Please add one, modifying
    Authors@R: person(given = "Sanford",
                      family = "Weisberg",
                      role = c("aut", "cre"),
                      email = "sandy@umn.edu")
  as necessary.
  
  Package CITATION file contains call(s) to old-style personList() or
  as.personList().  Please use c() on person objects instead.
  Package CITATION file contains call(s) to old-style citEntry().  Please
  use bibentry() instead.
  
  Found the following (possibly) invalid file URI:
    URI: www.oecd.org
      From: man/UN11.Rd
Flavors: r-devel-linux-x86_64-debian-clang, r-devel-linux-x86_64-debian-gcc
Version: 1.0.6
Check: Rd files
Result: NOTE
  checkRd: (-1) UN1.Rd:16: Escaped LaTeX specials: \$
  checkRd: (-1) rateprof.Rd:64: Escaped LaTeX specials: \&
Flavors: r-devel-linux-x86_64-debian-clang, r-devel-linux-x86_64-debian-gcc, r-devel-linux-x86_64-fedora-clang, r-devel-linux-x86_64-fedora-gcc, r-devel-windows-x86_64, r-patched-linux-x86_64, r-release-linux-x86_64, r-release-macos-arm64, r-release-macos-x86_64, r-release-windows-x86_64, r-oldrel-macos-arm64, r-oldrel-macos-x86_64, r-oldrel-windows-x86_64