Last updated on 2025-11-15 11:50:38 CET.
| Flavor | Version | Tinstall | Tcheck | Ttotal | Status | Flags |
|---|---|---|---|---|---|---|
| r-devel-linux-x86_64-debian-clang | 0.1.0 | 12.21 | 117.58 | 129.79 | NOTE | |
| r-devel-linux-x86_64-debian-gcc | 0.1.0 | 8.29 | 82.66 | 90.95 | NOTE | |
| r-devel-linux-x86_64-fedora-clang | 0.1.0 | 53.00 | 150.48 | 203.48 | NOTE | |
| r-devel-linux-x86_64-fedora-gcc | 0.1.0 | 28.00 | 174.86 | 202.86 | NOTE | |
| r-devel-windows-x86_64 | 0.1.0 | 17.00 | 113.00 | 130.00 | NOTE | |
| r-patched-linux-x86_64 | 0.1.0 | 14.12 | 109.02 | 123.14 | NOTE | |
| r-release-linux-x86_64 | 0.1.0 | 11.43 | 108.83 | 120.26 | NOTE | |
| r-release-macos-arm64 | 0.1.0 | 5.00 | 51.00 | 56.00 | NOTE | |
| r-release-macos-x86_64 | 0.1.0 | 11.00 | 87.00 | 98.00 | NOTE | |
| r-release-windows-x86_64 | 0.1.0 | 17.00 | 109.00 | 126.00 | NOTE | |
| r-oldrel-macos-arm64 | 0.1.0 | 5.00 | 48.00 | 53.00 | NOTE | |
| r-oldrel-macos-x86_64 | 0.1.0 | 8.00 | 69.00 | 77.00 | NOTE | |
| r-oldrel-windows-x86_64 | 0.1.0 | 23.00 | 147.00 | 170.00 | NOTE |
Version: 0.1.0
Check: Rd files
Result: NOTE
checkRd: (-1) compare_cohorts.Rd:35: Lost braces in \itemize; meant \describe ?
checkRd: (-1) compare_cohorts.Rd:36: Lost braces in \itemize; meant \describe ?
Flavors: r-devel-linux-x86_64-debian-clang, r-devel-linux-x86_64-debian-gcc, r-devel-linux-x86_64-fedora-clang, r-devel-linux-x86_64-fedora-gcc, r-devel-windows-x86_64, r-patched-linux-x86_64, r-release-linux-x86_64, r-release-macos-arm64, r-release-macos-x86_64, r-release-windows-x86_64, r-oldrel-macos-arm64, r-oldrel-macos-x86_64, r-oldrel-windows-x86_64