Last updated on 2025-11-20 11:51:03 CET.
| Flavor | Version | Tinstall | Tcheck | Ttotal | Status | Flags |
|---|---|---|---|---|---|---|
| r-devel-linux-x86_64-debian-clang | 1.1.2 | 65.65 | 147.68 | 213.33 | OK | |
| r-devel-linux-x86_64-debian-gcc | 1.1.2 | 43.53 | 105.12 | 148.65 | OK | |
| r-devel-linux-x86_64-fedora-clang | 1.1.3 | 395.00 | -9.79 | 385.21 | OK | |
| r-devel-linux-x86_64-fedora-gcc | 1.1.3 | 513.00 | -136.38 | 376.62 | OK | |
| r-devel-windows-x86_64 | 1.1.2 | 85.00 | 163.00 | 248.00 | OK | |
| r-patched-linux-x86_64 | 1.1.2 | 68.69 | 130.85 | 199.54 | OK | |
| r-release-linux-x86_64 | 1.1.2 | 66.62 | 131.68 | 198.30 | OK | |
| r-release-macos-arm64 | 1.1.3 | 1.00 | 5.00 | 6.00 | ERROR | |
| r-release-macos-x86_64 | 1.1.3 | 55.00 | 107.00 | 162.00 | OK | |
| r-release-windows-x86_64 | 1.1.2 | 74.00 | 161.00 | 235.00 | OK | |
| r-oldrel-macos-arm64 | 1.1.3 | 1.00 | 9.00 | 10.00 | ERROR | |
| r-oldrel-macos-x86_64 | 1.1.3 | 55.00 | 129.00 | 184.00 | NOTE | |
| r-oldrel-windows-x86_64 | 1.1.2 | 95.00 | 209.00 | 304.00 | OK |
Version: 1.1.3
Check: whether package can be installed
Result: ERROR
Installation failed.
Flavors: r-release-macos-arm64, r-oldrel-macos-arm64
Version: 1.1.3
Check: installed package size
Result: NOTE
installed size is 6.2Mb
sub-directories of 1Mb or more:
R 2.0Mb
libs 2.7Mb
Flavor: r-oldrel-macos-x86_64