CRAN Package Check Results for Package africamonitor

Last updated on 2025-11-19 09:48:28 CET.

Flavor Version Tinstall Tcheck Ttotal Status Flags
r-devel-linux-x86_64-debian-clang 0.2.4 3.94 39.71 43.65 NOTE
r-devel-linux-x86_64-debian-gcc 0.2.4 3.06 29.96 33.02 NOTE
r-devel-linux-x86_64-fedora-clang 0.2.4 65.35 NOTE
r-devel-linux-x86_64-fedora-gcc 0.2.4 61.20 NOTE
r-devel-windows-x86_64 0.2.4 5.00 54.00 59.00 NOTE
r-patched-linux-x86_64 0.2.4 3.83 36.83 40.66 NOTE
r-release-linux-x86_64 0.2.4 3.67 37.19 40.86 NOTE
r-release-macos-arm64 0.2.4 3.00 24.00 27.00 NOTE
r-release-macos-x86_64 0.2.4 4.00 40.00 44.00 NOTE
r-release-windows-x86_64 0.2.4 5.00 54.00 59.00 NOTE
r-oldrel-macos-arm64 0.2.4 2.00 22.00 24.00 OK
r-oldrel-macos-x86_64 0.2.4 3.00 29.00 32.00 OK
r-oldrel-windows-x86_64 0.2.4 6.00 63.00 69.00 OK

Check Details

Version: 0.2.4
Check: DESCRIPTION meta-information
Result: NOTE Missing dependency on R >= 4.1.0 because package code uses the pipe |> or function shorthand \(...) syntax added in R 4.1.0. File(s) using such syntax: ‘am_data.Rd’ Flavors: r-devel-linux-x86_64-debian-clang, r-devel-linux-x86_64-debian-gcc, r-devel-linux-x86_64-fedora-clang, r-devel-linux-x86_64-fedora-gcc, r-devel-windows-x86_64, r-patched-linux-x86_64, r-release-linux-x86_64, r-release-macos-arm64, r-release-macos-x86_64, r-release-windows-x86_64