Last updated on 2025-10-28 10:50:47 CET.
| Flavor | Version | Tinstall | Tcheck | Ttotal | Status | Flags | 
|---|---|---|---|---|---|---|
| r-devel-linux-x86_64-debian-clang | 2.2.1 | 30.59 | 192.84 | 223.43 | NOTE | |
| r-devel-linux-x86_64-debian-gcc | 2.2.1 | 24.64 | 142.70 | 167.34 | NOTE | |
| r-devel-linux-x86_64-fedora-clang | 2.2.1 | 75.00 | 278.95 | 353.95 | OK | |
| r-devel-linux-x86_64-fedora-gcc | 2.2.1 | 66.00 | 266.14 | 332.14 | OK | |
| r-devel-windows-x86_64 | 2.2.1 | 31.00 | 193.00 | 224.00 | OK | |
| r-patched-linux-x86_64 | 2.2.1 | 32.35 | 184.65 | 217.00 | OK | |
| r-release-linux-x86_64 | 2.2.1 | 31.28 | 184.72 | 216.00 | OK | |
| r-release-macos-arm64 | 2.2.1 | 13.00 | 70.00 | 83.00 | OK | |
| r-release-macos-x86_64 | 2.2.1 | 27.00 | 121.00 | 148.00 | OK | |
| r-release-windows-x86_64 | 2.2.1 | 32.00 | 195.00 | 227.00 | OK | |
| r-oldrel-macos-arm64 | 2.2.1 | 13.00 | 69.00 | 82.00 | OK | |
| r-oldrel-macos-x86_64 | 2.2.1 | 20.00 | 106.00 | 126.00 | OK | |
| r-oldrel-windows-x86_64 | 2.2.1 | 44.00 | 250.00 | 294.00 | OK | 
Version: 2.2.1
Check: CRAN incoming feasibility
Result: NOTE
  Maintainer: ‘Sandrine Pavoine <sandrine.pavoine@mnhn.fr>’
  
  No Authors@R field in DESCRIPTION.
  Please add one, modifying
    Authors@R: person(given = "Sandrine",
                      family = "Pavoine",
                      role = c("aut", "cre"),
                      email = "sandrine.pavoine@mnhn.fr")
  as necessary.
Flavors: r-devel-linux-x86_64-debian-clang, r-devel-linux-x86_64-debian-gcc