CRAN Package Check Results for Package adaptiveGPCA

Last updated on 2025-10-22 09:50:26 CEST.

Flavor Version Tinstall Tcheck Ttotal Status Flags
r-devel-linux-x86_64-debian-clang 0.1.3 27.11 263.57 290.68 NOTE
r-devel-linux-x86_64-debian-gcc 0.1.3 19.70 191.80 211.50 NOTE
r-devel-linux-x86_64-fedora-clang 0.1.3 143.00 324.64 467.64 OK
r-devel-linux-x86_64-fedora-gcc 0.1.3 56.00 382.27 438.27 OK
r-devel-windows-x86_64 0.1.3 28.00 224.00 252.00 OK
r-patched-linux-x86_64 0.1.3 24.42 253.45 277.87 OK
r-release-linux-x86_64 0.1.3 24.60 250.25 274.85 OK
r-release-macos-arm64 0.1.3 13.00 135.00 148.00 OK
r-release-macos-x86_64 0.1.3 30.00 206.00 236.00 OK
r-release-windows-x86_64 0.1.3 29.00 224.00 253.00 OK
r-oldrel-macos-arm64 0.1.3 12.00 110.00 122.00 OK
r-oldrel-macos-x86_64 0.1.3 18.00 180.00 198.00 OK
r-oldrel-windows-x86_64 0.1.3 35.00 304.00 339.00 OK

Check Details

Version: 0.1.3
Check: CRAN incoming feasibility
Result: NOTE Maintainer: ‘Julia Fukuyama <julia.fukuyama@gmail.com>’ The Description field contains <arXiv:1702.00501>. The package also includes functionality for Please refer to arXiv e-prints via their arXiv DOI <doi:10.48550/arXiv.YYMM.NNNNN>. Flavors: r-devel-linux-x86_64-debian-clang, r-devel-linux-x86_64-debian-gcc

Version: 0.1.3
Check: HTML version of manual
Result: NOTE Found the following HTML validation problems: check_axes.html:50:1 (check_axes.Rd:12): Warning: missing </ul> before </div> check_phyloseq.html:52:1 (check_phyloseq.Rd:12): Warning: missing </ul> before </div> gpcaEvecs.html:63:1 (gpcaEvecs.Rd:19): Warning: missing </ul> before </div> gradLik.html:55:1 (gradLik.Rd:14): Warning: missing </ul> before </div> gradSigma2OfR.html:54:1 (gradSigma2OfR.Rd:14): Warning: missing </ul> before </div> likelihood.html:58:1 (likelihood.Rd:16): Warning: missing </ul> before </div> likelihoodR.html:56:1 (likelihoodR.Rd:15): Warning: missing </ul> before </div> print.adaptivegpca.html:51:1 (print.adaptivegpca.Rd:12): Warning: missing </ul> before </div> sigma2OfR.html:56:1 (sigma2OfR.Rd:15): Warning: missing </ul> before </div> Flavors: r-devel-linux-x86_64-debian-clang, r-devel-linux-x86_64-debian-gcc