Last updated on 2025-10-31 09:50:10 CET.
| Flavor | Version | Tinstall | Tcheck | Ttotal | Status | Flags | 
|---|---|---|---|---|---|---|
| r-devel-linux-x86_64-debian-clang | 1.5 | 5.83 | 52.74 | 58.57 | NOTE | |
| r-devel-linux-x86_64-debian-gcc | 1.5 | 4.81 | 41.05 | 45.86 | NOTE | |
| r-devel-linux-x86_64-fedora-clang | 1.5 | 15.00 | 73.91 | 88.91 | OK | |
| r-devel-linux-x86_64-fedora-gcc | 1.5 | 12.00 | 72.15 | 84.15 | OK | |
| r-devel-windows-x86_64 | 1.5 | 7.00 | 65.00 | 72.00 | OK | |
| r-patched-linux-x86_64 | 1.5 | 5.15 | 50.34 | 55.49 | OK | |
| r-release-linux-x86_64 | 1.5 | 6.23 | 50.86 | 57.09 | OK | |
| r-release-macos-arm64 | 1.5 | 4.00 | 43.00 | 47.00 | OK | |
| r-release-macos-x86_64 | 1.5 | 5.00 | 51.00 | 56.00 | OK | |
| r-release-windows-x86_64 | 1.5 | 7.00 | 67.00 | 74.00 | OK | |
| r-oldrel-macos-arm64 | 1.5 | 3.00 | 27.00 | 30.00 | OK | |
| r-oldrel-macos-x86_64 | 1.5 | 7.00 | 64.00 | 71.00 | OK | |
| r-oldrel-windows-x86_64 | 1.5 | 8.00 | 80.00 | 88.00 | OK | 
Version: 1.5
Check: CRAN incoming feasibility
Result: NOTE
  Maintainer: ‘Andreas Scheidegger <andreas.scheidegger@eawag.ch>’
  
  No Authors@R field in DESCRIPTION.
  Please add one, modifying
    Authors@R: c(person(given = "Andreas",
                        family = "Scheidegger",
                        role = c("aut", "cre"),
                        email = "andreas.scheidegger@eawag.ch"),
                 person(role = "aut",
                        email = "andreas.scheidegger@eawag.ch"),
                 person(role = "aut",
                        email = "scheidegger.a@gmail.com"))
  as necessary.
Flavors: r-devel-linux-x86_64-debian-clang, r-devel-linux-x86_64-debian-gcc