Last updated on 2025-11-23 12:49:42 CET.
| Flavor | Version | Tinstall | Tcheck | Ttotal | Status | Flags |
|---|---|---|---|---|---|---|
| r-devel-linux-x86_64-debian-clang | 1.2 | 2.58 | 26.05 | 28.63 | NOTE | |
| r-devel-linux-x86_64-debian-gcc | 1.2 | 2.04 | 20.04 | 22.08 | NOTE | |
| r-devel-linux-x86_64-fedora-clang | 1.2 | 44.31 | OK | |||
| r-devel-windows-x86_64 | 1.2 | 5.00 | 48.00 | 53.00 | OK | |
| r-patched-linux-x86_64 | 1.2 | 2.59 | 24.72 | 27.31 | OK | |
| r-release-linux-x86_64 | 1.2 | 1.85 | 24.69 | 26.54 | OK | |
| r-release-macos-arm64 | 1.2 | OK | ||||
| r-release-macos-x86_64 | 1.2 | 4.00 | 29.00 | 33.00 | OK | |
| r-release-windows-x86_64 | 1.2 | 5.00 | 44.00 | 49.00 | OK | |
| r-oldrel-macos-arm64 | 1.2 | OK | ||||
| r-oldrel-macos-x86_64 | 1.2 | 3.00 | 22.00 | 25.00 | OK | |
| r-oldrel-windows-x86_64 | 1.2 | 6.00 | 45.00 | 51.00 | OK |
Version: 1.2
Check: CRAN incoming feasibility
Result: NOTE
Maintainer: ‘Adam J. Rothman <arothman@umn.edu>’
No Authors@R field in DESCRIPTION.
Please add one, modifying
Authors@R: person(given = c("Adam", "J."),
family = "Rothman",
role = c("aut", "cre"),
email = "arothman@umn.edu")
as necessary.
Flavors: r-devel-linux-x86_64-debian-clang, r-devel-linux-x86_64-debian-gcc