Last updated on 2025-11-15 11:50:38 CET.
| Flavor | Version | Tinstall | Tcheck | Ttotal | Status | Flags |
|---|---|---|---|---|---|---|
| r-devel-linux-x86_64-debian-clang | 1.50 | 10.15 | 86.25 | 96.40 | NOTE | |
| r-devel-linux-x86_64-debian-gcc | 1.50 | 6.37 | 60.99 | 67.36 | NOTE | |
| r-devel-linux-x86_64-fedora-clang | 1.50 | 21.00 | 131.51 | 152.51 | OK | |
| r-devel-linux-x86_64-fedora-gcc | 1.50 | 18.00 | 146.88 | 164.88 | OK | |
| r-devel-windows-x86_64 | 1.50 | 14.00 | 96.00 | 110.00 | OK | |
| r-patched-linux-x86_64 | 1.50 | 9.36 | 80.61 | 89.97 | OK | |
| r-release-linux-x86_64 | 1.50 | 9.03 | 80.65 | 89.68 | OK | |
| r-release-macos-arm64 | 1.50 | 4.00 | 54.00 | 58.00 | OK | |
| r-release-macos-x86_64 | 1.50 | 7.00 | 106.00 | 113.00 | OK | |
| r-release-windows-x86_64 | 1.50 | 9.00 | 96.00 | 105.00 | OK | |
| r-oldrel-macos-arm64 | 1.50 | 4.00 | 42.00 | 46.00 | OK | |
| r-oldrel-macos-x86_64 | 1.50 | 6.00 | 76.00 | 82.00 | OK | |
| r-oldrel-windows-x86_64 | 1.50 | 14.00 | 121.00 | 135.00 | OK |
Version: 1.50
Check: CRAN incoming feasibility
Result: NOTE
Maintainer: ‘Il-Youp Kwak <ikwak2@cau.ac.kr>’
No Authors@R field in DESCRIPTION.
Please add one, modifying
Authors@R: c(person(given = "Il-Youp",
family = "Kwak",
role = c("aut", "cre"),
email = "ikwak2@cau.ac.kr"),
person(given = c("others", "in", "each", "function"),
family = "manual)",
role = "aut",
comment = "s"))
as necessary.
Flavors: r-devel-linux-x86_64-debian-clang, r-devel-linux-x86_64-debian-gcc