Last updated on 2025-11-21 09:49:21 CET.
| Flavor | Version | Tinstall | Tcheck | Ttotal | Status | Flags |
|---|---|---|---|---|---|---|
| r-devel-linux-x86_64-debian-clang | 1.5.1 | 20.45 | 569.36 | 589.81 | OK | |
| r-devel-linux-x86_64-debian-gcc | 1.5.1 | 15.45 | 392.18 | 407.63 | OK | |
| r-devel-linux-x86_64-fedora-clang | 1.5.1 | 43.00 | 835.09 | 878.09 | OK | |
| r-devel-linux-x86_64-fedora-gcc | 1.5.1 | 84.00 | 818.99 | 902.99 | OK | |
| r-devel-windows-x86_64 | 1.5.0 | 27.00 | 535.00 | 562.00 | OK | |
| r-patched-linux-x86_64 | 1.5.1 | 24.86 | 515.36 | 540.22 | OK | |
| r-release-linux-x86_64 | 1.5.0 | 23.71 | 515.14 | 538.85 | OK | |
| r-release-macos-arm64 | 1.5.0 | 10.00 | 104.00 | 114.00 | OK | |
| r-release-macos-x86_64 | 1.5.1 | 24.00 | 548.00 | 572.00 | OK | |
| r-release-windows-x86_64 | 1.5.0 | 26.00 | 531.00 | 557.00 | OK | |
| r-oldrel-macos-arm64 | 1.5.1 | 5.00 | 123.00 | 128.00 | WARN | |
| r-oldrel-macos-x86_64 | 1.5.1 | 23.00 | 614.00 | 637.00 | OK | |
| r-oldrel-windows-x86_64 | 1.5.0 | 32.00 | 700.00 | 732.00 | OK |
Version: 1.5.1
Check: PDF version of manual
Result: WARN
LaTeX errors when creating PDF version.
This typically indicates Rd problems.
LaTeX errors found:
! Infinite glue shrinkage found in box being split.
<argument> Infinite shrink error above ignored !
l.5017 }
Flavor: r-oldrel-macos-arm64