Last updated on 2025-11-02 10:51:05 CET.
| Flavor | Version | Tinstall | Tcheck | Ttotal | Status | Flags |
|---|---|---|---|---|---|---|
| r-devel-linux-x86_64-debian-clang | 0.3.1 | 5.49 | 253.53 | 259.02 | NOTE | |
| r-devel-linux-x86_64-debian-gcc | 0.3.1 | 3.21 | 143.22 | 146.43 | NOTE | |
| r-devel-linux-x86_64-fedora-clang | 0.3.1 | 12.00 | 405.27 | 417.27 | NOTE | |
| r-devel-linux-x86_64-fedora-gcc | 0.3.1 | 14.00 | 395.60 | 409.60 | NOTE | |
| r-devel-windows-x86_64 | 0.3.1 | 7.00 | 212.00 | 219.00 | NOTE | |
| r-patched-linux-x86_64 | 0.3.1 | 5.16 | 235.96 | 241.12 | NOTE | |
| r-release-linux-x86_64 | 0.3.1 | 5.45 | 234.75 | 240.20 | NOTE | |
| r-release-macos-arm64 | 0.3.1 | 3.00 | 85.00 | 88.00 | NOTE | |
| r-release-macos-x86_64 | 0.3.1 | 5.00 | 223.00 | 228.00 | NOTE | |
| r-release-windows-x86_64 | 0.3.1 | 7.00 | 212.00 | 219.00 | NOTE | |
| r-oldrel-macos-arm64 | 0.3.1 | 3.00 | 81.00 | 84.00 | NOTE | |
| r-oldrel-macos-x86_64 | 0.3.1 | 4.00 | 162.00 | 166.00 | NOTE | |
| r-oldrel-windows-x86_64 | 0.3.1 | 8.00 | 319.00 | 327.00 | NOTE |
Version: 0.3.1
Check: Rd files
Result: NOTE
checkRd: (-1) Acoef_sh.Rd:23: Lost braces; missing escapes or markup?
23 | The function returns the K-by-K matrices {A_1, ..., A_p} as a list object.
| ^
checkRd: (-1) VARshrink.Rd:58: Lost braces; missing escapes or markup?
58 | Consider VAR(p) model: y_t = A_1 y_{t-1} + ... + A_p y_{t-p} + C d_t + e_t,
| ^
checkRd: (-1) VARshrink.Rd:58: Lost braces; missing escapes or markup?
58 | Consider VAR(p) model: y_t = A_1 y_{t-1} + ... + A_p y_{t-p} + C d_t + e_t,
| ^
Flavors: r-devel-linux-x86_64-debian-clang, r-devel-linux-x86_64-debian-gcc, r-devel-linux-x86_64-fedora-clang, r-devel-linux-x86_64-fedora-gcc, r-devel-windows-x86_64, r-patched-linux-x86_64, r-release-linux-x86_64, r-release-macos-arm64, r-release-macos-x86_64, r-release-windows-x86_64, r-oldrel-macos-arm64, r-oldrel-macos-x86_64, r-oldrel-windows-x86_64
Version: 0.3.1
Check: LazyData
Result: NOTE
'LazyData' is specified without a 'data' directory
Flavors: r-oldrel-macos-arm64, r-oldrel-macos-x86_64, r-oldrel-windows-x86_64