CRAN Package Check Results for Package VAM

Last updated on 2025-11-12 10:53:00 CET.

Flavor Version Tinstall Tcheck Ttotal Status Flags
r-devel-linux-x86_64-debian-clang 1.1.0 6.50 110.12 116.62 NOTE
r-devel-linux-x86_64-debian-gcc 1.1.0 5.32 80.49 85.81 NOTE
r-devel-linux-x86_64-fedora-clang 1.1.0 29.00 154.46 183.46 OK
r-devel-linux-x86_64-fedora-gcc 1.1.0 16.00 174.30 190.30 OK
r-devel-windows-x86_64 1.1.0 7.00 148.00 155.00 OK
r-patched-linux-x86_64 1.1.0 6.62 107.58 114.20 OK
r-release-linux-x86_64 1.1.0 5.41 104.29 109.70 OK
r-release-macos-arm64 1.1.0 4.00 71.00 75.00 OK
r-release-macos-x86_64 1.1.0 6.00 120.00 126.00 OK
r-release-windows-x86_64 1.1.0 7.00 148.00 155.00 OK
r-oldrel-macos-arm64 1.1.0 3.00 56.00 59.00 OK
r-oldrel-macos-x86_64 1.1.0 5.00 89.00 94.00 OK
r-oldrel-windows-x86_64 1.1.0 10.00 166.00 176.00 OK

Check Details

Version: 1.1.0
Check: CRAN incoming feasibility
Result: NOTE Maintainer: ‘H. Robert Frost <rob.frost@dartmouth.edu>’ No Authors@R field in DESCRIPTION. Please add one, modifying Authors@R: person(given = c("H.", "Robert"), family = "Frost", role = c("aut", "cre"), email = "rob.frost@dartmouth.edu") as necessary. Flavors: r-devel-linux-x86_64-debian-clang, r-devel-linux-x86_64-debian-gcc