Last updated on 2025-11-24 09:50:50 CET.
| Flavor | Version | Tinstall | Tcheck | Ttotal | Status | Flags |
|---|---|---|---|---|---|---|
| r-devel-linux-x86_64-debian-clang | 1.4.0 | 7.00 | 75.29 | 82.29 | OK | |
| r-devel-linux-x86_64-debian-gcc | 1.4.0 | 6.36 | 56.36 | 62.72 | OK | |
| r-devel-linux-x86_64-fedora-clang | 1.4.0 | 15.00 | 115.08 | 130.08 | OK | |
| r-devel-windows-x86_64 | 1.4.0 | 11.00 | 79.00 | 90.00 | OK | |
| r-patched-linux-x86_64 | 1.4.0 | 7.63 | 69.07 | 76.70 | OK | |
| r-release-linux-x86_64 | 1.4.0 | 8.53 | 71.22 | 79.75 | OK | |
| r-release-macos-arm64 | 1.4.0 | OK | ||||
| r-release-macos-x86_64 | 1.4.0 | 8.00 | 125.00 | 133.00 | OK | |
| r-release-windows-x86_64 | 1.4.0 | 10.00 | 78.00 | 88.00 | OK | |
| r-oldrel-macos-arm64 | 1.4.0 | NOTE | ||||
| r-oldrel-macos-x86_64 | 1.4.0 | 6.00 | 89.00 | 95.00 | NOTE | |
| r-oldrel-windows-x86_64 | 1.4.0 | 13.00 | 100.00 | 113.00 | NOTE |
Version: 1.4.0
Check: installed package size
Result: NOTE
installed size is 8.1Mb
sub-directories of 1Mb or more:
doc 7.6Mb
Flavors: r-oldrel-macos-arm64, r-oldrel-macos-x86_64, r-oldrel-windows-x86_64
Version: 1.4.0
Check: LazyData
Result: NOTE
'LazyData' is specified without a 'data' directory
Flavors: r-oldrel-macos-arm64, r-oldrel-macos-x86_64, r-oldrel-windows-x86_64