Last updated on 2025-11-23 12:50:06 CET.
| Flavor | Version | Tinstall | Tcheck | Ttotal | Status | Flags |
|---|---|---|---|---|---|---|
| r-devel-linux-x86_64-debian-clang | 0.1.0 | 1.61 | 30.74 | 32.35 | OK | |
| r-devel-linux-x86_64-debian-gcc | 0.1.0 | 1.75 | 24.59 | 26.34 | OK | |
| r-devel-linux-x86_64-fedora-clang | 0.1.0 | 50.71 | OK | |||
| r-devel-windows-x86_64 | 0.1.0 | 5.00 | 49.00 | 54.00 | OK | |
| r-patched-linux-x86_64 | 0.1.0 | 2.27 | 28.97 | 31.24 | NOTE | |
| r-release-linux-x86_64 | 0.1.0 | 1.84 | 29.27 | 31.11 | NOTE | |
| r-release-macos-arm64 | 0.1.0 | OK | ||||
| r-release-macos-x86_64 | 0.1.0 | 3.00 | 49.00 | 52.00 | OK | |
| r-release-windows-x86_64 | 0.1.0 | 5.00 | 49.00 | 54.00 | OK | |
| r-oldrel-macos-arm64 | 0.1.0 | OK | ||||
| r-oldrel-macos-x86_64 | 0.1.0 | 3.00 | 66.00 | 69.00 | OK | |
| r-oldrel-windows-x86_64 | 0.1.0 | 5.00 | 63.00 | 68.00 | OK |
Version: 0.1.0
Check: DESCRIPTION meta-information
Result: NOTE
Dependence on R version ‘4.3.2’ not with patchlevel 0
Flavors: r-patched-linux-x86_64, r-release-linux-x86_64