CRAN Package Check Results for Package TipDatingBeast

Last updated on 2025-11-02 10:51:04 CET.

Flavor Version Tinstall Tcheck Ttotal Status Flags
r-devel-linux-x86_64-debian-clang 1.1-0 11.49 79.49 90.98 NOTE
r-devel-linux-x86_64-debian-gcc 1.1-0 7.98 59.41 67.39 NOTE
r-devel-linux-x86_64-fedora-clang 1.1-0 48.00 96.53 144.53 OK
r-devel-linux-x86_64-fedora-gcc 1.1-0 24.00 108.88 132.88 OK
r-devel-windows-x86_64 1.1-0 12.00 84.00 96.00 OK
r-patched-linux-x86_64 1.1-0 10.44 75.94 86.38 OK
r-release-linux-x86_64 1.1-0 10.58 74.57 85.15 OK
r-release-macos-arm64 1.1-0 5.00 34.00 39.00 OK
r-release-macos-x86_64 1.1-0 9.00 60.00 69.00 OK
r-release-windows-x86_64 1.1-0 12.00 83.00 95.00 OK
r-oldrel-macos-arm64 1.1-0 4.00 31.00 35.00 OK
r-oldrel-macos-x86_64 1.1-0 6.00 46.00 52.00 OK
r-oldrel-windows-x86_64 1.1-0 17.00 109.00 126.00 OK

Check Details

Version: 1.1-0
Check: CRAN incoming feasibility
Result: NOTE Maintainer: ‘Camilo Khatchikian <ckhatchikian@gmail.com>’ No Authors@R field in DESCRIPTION. Please add one, modifying Authors@R: c(person(given = "Adrien", family = "Rieux", role = "aut"), person(given = "Camilo", family = "Khatchikian", role = c("aut", "cre"), email = "ckhatchikian@gmail.com")) as necessary. Flavors: r-devel-linux-x86_64-debian-clang, r-devel-linux-x86_64-debian-gcc