Last updated on 2025-10-24 09:50:20 CEST.
| Flavor | Version | Tinstall | Tcheck | Ttotal | Status | Flags |
|---|---|---|---|---|---|---|
| r-devel-linux-x86_64-debian-clang | 0.2.2 | 27.18 | 405.10 | 432.28 | NOTE | |
| r-devel-linux-x86_64-debian-gcc | 0.2.2 | 13.34 | 246.45 | 259.79 | NOTE | |
| r-devel-linux-x86_64-fedora-clang | 0.2.2 | 147.00 | 640.87 | 787.87 | OK | |
| r-devel-linux-x86_64-fedora-gcc | 0.2.2 | 51.00 | 664.22 | 715.22 | OK | |
| r-devel-windows-x86_64 | 0.2.2 | 26.00 | 412.00 | 438.00 | OK | |
| r-patched-linux-x86_64 | 0.2.2 | 27.09 | 387.04 | 414.13 | OK | |
| r-release-linux-x86_64 | 0.2.2 | 24.67 | 382.18 | 406.85 | OK | |
| r-release-macos-arm64 | 0.2.2 | 15.00 | 163.00 | 178.00 | OK | |
| r-release-macos-x86_64 | 0.2.2 | 22.00 | 333.00 | 355.00 | OK | |
| r-release-windows-x86_64 | 0.2.2 | 28.00 | 416.00 | 444.00 | OK | |
| r-oldrel-macos-arm64 | 0.2.2 | 11.00 | 146.00 | 157.00 | OK | |
| r-oldrel-macos-x86_64 | 0.2.2 | 17.00 | 267.00 | 284.00 | OK | |
| r-oldrel-windows-x86_64 | 0.2.2 | 39.00 | 584.00 | 623.00 | OK |
Version: 0.2.2
Check: CRAN incoming feasibility
Result: NOTE
Maintainer: ‘Till Massing <till.massing@uni-due.de>’
The Description field contains
(Massing (2023) <arXiv:2303.07060>). The following references form the
Please refer to arXiv e-prints via their arXiv DOI <doi:10.48550/arXiv.YYMM.NNNNN>.
Flavors: r-devel-linux-x86_64-debian-clang, r-devel-linux-x86_64-debian-gcc