CRAN Package Check Results for Package TSstudio

Last updated on 2025-10-22 09:50:57 CEST.

Flavor Version Tinstall Tcheck Ttotal Status Flags
r-devel-linux-x86_64-debian-clang 0.1.7 8.82 79.17 87.99 NOTE
r-devel-linux-x86_64-debian-gcc 0.1.7 6.12 56.30 62.42 NOTE
r-devel-linux-x86_64-fedora-clang 0.1.7 17.00 124.03 141.03 NOTE
r-devel-linux-x86_64-fedora-gcc 0.1.7 17.00 127.77 144.77 NOTE
r-devel-windows-x86_64 0.1.7 10.00 97.00 107.00 OK
r-patched-linux-x86_64 0.1.7 7.30 73.33 80.63 OK
r-release-linux-x86_64 0.1.7 7.09 73.28 80.37 OK
r-release-macos-arm64 0.1.7 3.00 46.00 49.00 OK
r-release-macos-x86_64 0.1.7 9.00 104.00 113.00 OK
r-release-windows-x86_64 0.1.7 10.00 97.00 107.00 OK
r-oldrel-macos-arm64 0.1.7 3.00 38.00 41.00 OK
r-oldrel-macos-x86_64 0.1.7 8.00 90.00 98.00 OK
r-oldrel-windows-x86_64 0.1.7 14.00 206.00 220.00 OK

Check Details

Version: 0.1.7
Check: HTML version of manual
Result: NOTE Found the following HTML validation problems: plot_grid.html:80:1 (plot_grid.Rd:36): Warning: missing </ul> before </div> Flavors: r-devel-linux-x86_64-debian-clang, r-devel-linux-x86_64-debian-gcc

Version: 0.1.7
Check: dependencies in R code
Result: NOTE Namespace in Imports field not imported from: ‘forecastHybrid’ All declared Imports should be used. Flavors: r-devel-linux-x86_64-fedora-clang, r-devel-linux-x86_64-fedora-gcc