CRAN Package Check Results for Package TSEtools

Last updated on 2025-11-24 09:50:49 CET.

Flavor Version Tinstall Tcheck Ttotal Status Flags
r-devel-linux-x86_64-debian-clang 0.2.2 2.67 26.93 29.60 NOTE
r-devel-linux-x86_64-debian-gcc 0.2.2 1.96 21.66 23.62 NOTE
r-devel-linux-x86_64-fedora-clang 0.2.2 43.16 OK
r-devel-windows-x86_64 0.2.2 5.00 42.00 47.00 OK
r-patched-linux-x86_64 0.2.2 2.32 25.27 27.59 OK
r-release-linux-x86_64 0.2.2 2.47 25.41 27.88 OK
r-release-macos-arm64 0.2.2 OK
r-release-macos-x86_64 0.2.2 3.00 29.00 32.00 OK
r-release-windows-x86_64 0.2.2 4.00 51.00 55.00 OK
r-oldrel-macos-arm64 0.2.2 OK
r-oldrel-macos-x86_64 0.2.2 2.00 25.00 27.00 OK
r-oldrel-windows-x86_64 0.2.2 5.00 50.00 55.00 OK

Check Details

Version: 0.2.2
Check: CRAN incoming feasibility
Result: NOTE Maintainer: ‘Ali Saeb <ali.saeb@gmail.com>’ No Authors@R field in DESCRIPTION. Please add one, modifying Authors@R: person(given = "Ali", family = "Saeb", role = c("aut", "cre"), email = "ali.saeb@gmail.com") as necessary. Flavors: r-devel-linux-x86_64-debian-clang, r-devel-linux-x86_64-debian-gcc