CRAN Package Check Results for Package TOHM

Last updated on 2025-10-23 10:49:00 CEST.

Flavor Version Tinstall Tcheck Ttotal Status Flags
r-devel-linux-x86_64-debian-clang 1.4 8.49 94.15 102.64 NOTE
r-devel-linux-x86_64-debian-gcc 1.4 6.90 63.60 70.50 NOTE
r-devel-linux-x86_64-fedora-clang 1.4 21.00 149.13 170.13 OK
r-devel-linux-x86_64-fedora-gcc 1.4 19.00 136.99 155.99 OK
r-devel-windows-x86_64 1.4 10.00 168.00 178.00 OK
r-patched-linux-x86_64 1.4 8.50 90.16 98.66 OK
r-release-linux-x86_64 1.4 8.26 90.87 99.13 OK
r-release-macos-arm64 1.4 5.00 45.00 50.00 OK
r-release-macos-x86_64 1.4 9.00 87.00 96.00 OK
r-release-windows-x86_64 1.4 11.00 94.00 105.00 OK
r-oldrel-macos-arm64 1.4 4.00 38.00 42.00 OK
r-oldrel-macos-x86_64 1.4 6.00 56.00 62.00 OK
r-oldrel-windows-x86_64 1.4 12.00 124.00 136.00 OK

Check Details

Version: 1.4
Check: CRAN incoming feasibility
Result: NOTE Maintainer: ‘Sara Algeri <salgeri@umn.edu>’ No Authors@R field in DESCRIPTION. Please add one, modifying Authors@R: person(given = "Sara", family = "Algeri", role = c("aut", "cre"), email = "salgeri@umn.edu") as necessary. The Description field contains <arXiv:1803.03858>. Please refer to arXiv e-prints via their arXiv DOI <doi:10.48550/arXiv.YYMM.NNNNN>. Flavors: r-devel-linux-x86_64-debian-clang, r-devel-linux-x86_64-debian-gcc