Last updated on 2025-11-15 11:51:00 CET.
| Flavor | Version | Tinstall | Tcheck | Ttotal | Status | Flags |
|---|---|---|---|---|---|---|
| r-devel-linux-x86_64-debian-clang | 1.0.1 | 3.13 | 31.94 | 35.07 | OK | |
| r-devel-linux-x86_64-debian-gcc | 1.0.1 | 2.52 | 24.54 | 27.06 | OK | |
| r-devel-linux-x86_64-fedora-clang | 1.0.1 | 19.00 | 42.21 | 61.21 | NOTE | |
| r-devel-linux-x86_64-fedora-gcc | 1.0.1 | 12.00 | 59.84 | 71.84 | NOTE | |
| r-devel-windows-x86_64 | 1.0.1 | 7.00 | 48.00 | 55.00 | OK | |
| r-patched-linux-x86_64 | 1.0.1 | 2.89 | 30.57 | 33.46 | OK | |
| r-release-linux-x86_64 | 1.0.1 | 3.55 | 30.61 | 34.16 | OK | |
| r-release-macos-arm64 | 1.0.1 | 2.00 | 37.00 | 39.00 | OK | |
| r-release-macos-x86_64 | 1.0.1 | 4.00 | 46.00 | 50.00 | OK | |
| r-release-windows-x86_64 | 1.0.1 | 6.00 | 52.00 | 58.00 | OK | |
| r-oldrel-macos-arm64 | 1.0.1 | 2.00 | 29.00 | 31.00 | NOTE | |
| r-oldrel-macos-x86_64 | 1.0.1 | 3.00 | 44.00 | 47.00 | NOTE | |
| r-oldrel-windows-x86_64 | 1.0.1 | 8.00 | 54.00 | 62.00 | NOTE |
Version: 1.0.1
Check: dependencies in R code
Result: NOTE
Namespace in Imports field not imported from: ‘ggm’
All declared Imports should be used.
Flavors: r-devel-linux-x86_64-fedora-clang, r-devel-linux-x86_64-fedora-gcc
Version: 1.0.1
Check: LazyData
Result: NOTE
'LazyData' is specified without a 'data' directory
Flavors: r-oldrel-macos-arm64, r-oldrel-macos-x86_64, r-oldrel-windows-x86_64