Last updated on 2025-11-25 10:50:27 CET.
| Flavor | Version | Tinstall | Tcheck | Ttotal | Status | Flags |
|---|---|---|---|---|---|---|
| r-devel-linux-x86_64-debian-clang | 1.0.6 | 45.96 | 39.44 | 85.40 | OK | |
| r-devel-linux-x86_64-debian-gcc | 1.0.6 | 36.19 | 30.79 | 66.98 | OK | |
| r-devel-linux-x86_64-fedora-clang | 1.0.6 | 110.00 | 31.03 | 141.03 | OK | |
| r-devel-linux-x86_64-fedora-gcc | 1.0.6 | 122.00 | 26.93 | 148.93 | OK | |
| r-devel-windows-x86_64 | 1.0.6 | 58.00 | 72.00 | 130.00 | OK | |
| r-patched-linux-x86_64 | 1.0.6 | 49.94 | 36.27 | 86.21 | OK | |
| r-release-linux-x86_64 | 1.0.6 | 52.24 | 35.91 | 88.15 | OK | |
| r-release-macos-arm64 | 1.0.6 | OK | ||||
| r-release-macos-x86_64 | 1.0.6 | 39.00 | 42.00 | 81.00 | OK | |
| r-release-windows-x86_64 | 1.0.6 | 54.00 | 76.00 | 130.00 | OK | |
| r-oldrel-macos-arm64 | 1.0.6 | NOTE | ||||
| r-oldrel-macos-x86_64 | 1.0.6 | 40.00 | 45.00 | 85.00 | NOTE | |
| r-oldrel-windows-x86_64 | 1.0.6 | 66.00 | 96.00 | 162.00 | WARN |
Version: 1.0.6
Check: installed package size
Result: NOTE
installed size is 5.9Mb
sub-directories of 1Mb or more:
libs 5.6Mb
Flavors: r-oldrel-macos-arm64, r-oldrel-macos-x86_64
Version: 1.0.6
Check: whether package can be installed
Result: WARN
Found the following significant warnings:
D:/RCompile/CRANpkg/lib/4.4/ClusterR/include/affinity_propagation.h:360:34: warning: overflow in conversion from 'double' to 'long long unsigned int' changes value from '+QNaN' to '0' [-Woverflow]
D:/RCompile/CRANpkg/lib/4.4/ClusterR/include/affinity_propagation.h:448:30: warning: overflow in conversion from 'double' to 'long long unsigned int' changes value from '+QNaN' to '0' [-Woverflow]
See 'd:/Rcompile/CRANpkg/local/4.4/SuperpixelImageSegmentation.Rcheck/00install.out' for details.
* used C compiler: 'gcc.exe (GCC) 13.3.0'
* used C++ compiler: 'g++.exe (GCC) 13.3.0'
Flavor: r-oldrel-windows-x86_64