Last updated on 2025-10-31 09:50:31 CET.
| Flavor | Version | Tinstall | Tcheck | Ttotal | Status | Flags | 
|---|---|---|---|---|---|---|
| r-devel-linux-x86_64-debian-clang | 2.1 | 7.91 | 65.25 | 73.16 | OK | |
| r-devel-linux-x86_64-debian-gcc | 2.1 | 5.56 | 50.75 | 56.31 | OK | |
| r-devel-linux-x86_64-fedora-clang | 2.1 | 16.00 | 96.75 | 112.75 | NOTE | |
| r-devel-linux-x86_64-fedora-gcc | 2.1 | 16.00 | 105.55 | 121.55 | NOTE | |
| r-devel-windows-x86_64 | 2.1 | 9.00 | 74.00 | 83.00 | OK | |
| r-patched-linux-x86_64 | 2.1 | 7.40 | 62.39 | 69.79 | OK | |
| r-release-linux-x86_64 | 2.1 | 7.11 | 62.46 | 69.57 | OK | |
| r-release-macos-arm64 | 2.1 | 3.00 | 37.00 | 40.00 | OK | |
| r-release-macos-x86_64 | 2.1 | 9.00 | 97.00 | 106.00 | OK | |
| r-release-windows-x86_64 | 2.1 | 9.00 | 76.00 | 85.00 | OK | |
| r-oldrel-macos-arm64 | 2.1 | 4.00 | 38.00 | 42.00 | OK | |
| r-oldrel-macos-x86_64 | 2.1 | 6.00 | 65.00 | 71.00 | OK | |
| r-oldrel-windows-x86_64 | 2.1 | 11.00 | 93.00 | 104.00 | OK | 
Version: 2.1
Check: dependencies in R code
Result: NOTE
  Namespaces in Imports field not imported from:
    ‘Matrix’ ‘RSpectra’ ‘ggplot2’ ‘latex2exp’ ‘mvtnorm’
    All declared Imports should be used.
Flavors: r-devel-linux-x86_64-fedora-clang, r-devel-linux-x86_64-fedora-gcc