CRAN Package Check Results for Package SpatEntropy

Last updated on 2025-10-22 09:50:53 CEST.

Flavor Version Tinstall Tcheck Ttotal Status Flags
r-devel-linux-x86_64-debian-clang 2.2-4 9.85 91.12 100.97 NOTE
r-devel-linux-x86_64-debian-gcc 2.2-4 7.53 63.56 71.09 NOTE
r-devel-linux-x86_64-fedora-clang 2.2-4 21.00 132.03 153.03 OK
r-devel-linux-x86_64-fedora-gcc 2.2-4 23.00 127.68 150.68 OK
r-devel-windows-x86_64 2.2-4 11.00 98.00 109.00 OK
r-patched-linux-x86_64 2.2-4 8.20 84.51 92.71 OK
r-release-linux-x86_64 2.2-4 9.54 83.90 93.44 OK
r-release-macos-arm64 2.2-4 5.00 41.00 46.00 OK
r-release-macos-x86_64 2.2-4 15.00 114.00 129.00 OK
r-release-windows-x86_64 2.2-4 12.00 100.00 112.00 OK
r-oldrel-macos-arm64 2.2-4 4.00 36.00 40.00 OK
r-oldrel-macos-x86_64 2.2-4 7.00 64.00 71.00 OK
r-oldrel-windows-x86_64 2.2-4 15.00 117.00 132.00 OK

Check Details

Version: 2.2-4
Check: CRAN incoming feasibility
Result: NOTE Maintainer: ‘Altieri Linda <linda.altieri@unibo.it>’ No Authors@R field in DESCRIPTION. Please add one, modifying Authors@R: c(person(given = "L.", family = "Altieri", role = "aut"), person(given = "D.", family = "Cocchi", role = "aut"), person(given = "G.", family = "Roli", role = "aut"), person(given = "Altieri", family = "Linda", role = "cre", email = "linda.altieri@unibo.it")) as necessary. Flavors: r-devel-linux-x86_64-debian-clang, r-devel-linux-x86_64-debian-gcc