Last updated on 2025-11-11 10:50:14 CET.
| Flavor | Version | Tinstall | Tcheck | Ttotal | Status | Flags |
|---|---|---|---|---|---|---|
| r-devel-linux-x86_64-debian-clang | 1.1.0 | 13.04 | 73.40 | 86.44 | NOTE | |
| r-devel-linux-x86_64-debian-gcc | 1.1.0 | 10.18 | 48.81 | 58.99 | NOTE | |
| r-devel-linux-x86_64-fedora-clang | 1.1.0 | 38.00 | 100.13 | 138.13 | NOTE | |
| r-devel-linux-x86_64-fedora-gcc | 1.1.0 | 31.00 | 121.13 | 152.13 | NOTE | |
| r-devel-windows-x86_64 | 1.1.0 | 29.00 | 96.00 | 125.00 | NOTE | |
| r-patched-linux-x86_64 | 1.1.0 | 15.11 | 68.75 | 83.86 | NOTE | |
| r-release-linux-x86_64 | 1.1.0 | 14.56 | 68.36 | 82.92 | NOTE | |
| r-release-macos-arm64 | 1.1.0 | 7.00 | 47.00 | 54.00 | ERROR | |
| r-release-macos-x86_64 | 1.1.0 | 12.00 | 73.00 | 85.00 | ERROR | |
| r-release-windows-x86_64 | 1.1.0 | 20.00 | 94.00 | 114.00 | NOTE | |
| r-oldrel-macos-arm64 | 1.1.0 | 7.00 | 37.00 | 44.00 | NOTE | |
| r-oldrel-macos-x86_64 | 1.1.0 | 11.00 | 53.00 | 64.00 | NOTE | |
| r-oldrel-windows-x86_64 | 1.1.0 | 23.00 | 127.00 | 150.00 | NOTE |
Version: 1.1.0
Check: Rd files
Result: NOTE
checkRd: (-1) sim.bdh.age.Rd:66: Lost braces in \itemize; meant \describe ?
checkRd: (-1) sim.bdh.age.Rd:67: Lost braces in \itemize; meant \describe ?
checkRd: (-1) sim.bdh.age.Rd:68: Lost braces in \itemize; meant \describe ?
checkRd: (-1) sim.bdh.age.Rd:69: Lost braces in \itemize; meant \describe ?
checkRd: (-1) sim.bdh.age.Rd:70: Lost braces in \itemize; meant \describe ?
checkRd: (-1) sim.bdh.taxa.gsa.Rd:69: Lost braces in \itemize; meant \describe ?
checkRd: (-1) sim.bdh.taxa.gsa.Rd:70: Lost braces in \itemize; meant \describe ?
checkRd: (-1) sim.bdh.taxa.gsa.Rd:71: Lost braces in \itemize; meant \describe ?
checkRd: (-1) sim.bdh.taxa.gsa.Rd:72: Lost braces in \itemize; meant \describe ?
checkRd: (-1) sim.bdh.taxa.gsa.Rd:73: Lost braces in \itemize; meant \describe ?
checkRd: (-1) sim.bdh.taxa.ssa.Rd:66: Lost braces in \itemize; meant \describe ?
checkRd: (-1) sim.bdh.taxa.ssa.Rd:67: Lost braces in \itemize; meant \describe ?
checkRd: (-1) sim.bdh.taxa.ssa.Rd:68: Lost braces in \itemize; meant \describe ?
checkRd: (-1) sim.bdh.taxa.ssa.Rd:69: Lost braces in \itemize; meant \describe ?
checkRd: (-1) sim.bdh.taxa.ssa.Rd:70: Lost braces in \itemize; meant \describe ?
Flavors: r-devel-linux-x86_64-debian-clang, r-devel-linux-x86_64-debian-gcc, r-devel-linux-x86_64-fedora-clang, r-devel-linux-x86_64-fedora-gcc, r-devel-windows-x86_64, r-patched-linux-x86_64, r-release-linux-x86_64, r-release-macos-arm64, r-release-macos-x86_64, r-release-windows-x86_64, r-oldrel-macos-arm64, r-oldrel-macos-x86_64, r-oldrel-windows-x86_64
Version: 1.1.0
Check: re-building of vignette outputs
Result: ERROR
Error(s) in re-building vignettes:
--- re-building ‘introduction.Rmd’ using knitr
Error: processing vignette 'introduction.Rmd' failed with diagnostics:
68:34: unexpected symbol
67: person(family = "de Vienne", given = c("Damien" , "M")),
68: person(family = "Sz{\\"o
^
--- failed re-building ‘introduction.Rmd’
SUMMARY: processing the following file failed:
‘introduction.Rmd’
Error: Vignette re-building failed.
Execution halted
Flavors: r-release-macos-arm64, r-release-macos-x86_64