Last updated on 2025-10-30 09:50:02 CET.
| Flavor | Version | Tinstall | Tcheck | Ttotal | Status | Flags | 
|---|---|---|---|---|---|---|
| r-devel-linux-x86_64-debian-clang | 1.5.5 | 24.91 | 208.34 | 233.25 | OK | |
| r-devel-linux-x86_64-debian-gcc | 1.5.5 | 17.41 | 146.95 | 164.36 | OK | |
| r-devel-linux-x86_64-fedora-clang | 1.5.5 | 58.00 | 293.40 | 351.40 | OK | |
| r-devel-linux-x86_64-fedora-gcc | 1.5.5 | 150.00 | 220.89 | 370.89 | OK | |
| r-devel-windows-x86_64 | 1.5.5 | 29.00 | 201.00 | 230.00 | OK | |
| r-patched-linux-x86_64 | 1.5.5 | 27.73 | 192.97 | 220.70 | OK | |
| r-release-linux-x86_64 | 1.5.5 | 23.70 | 193.77 | 217.47 | OK | |
| r-release-macos-arm64 | 1.5.5 | 11.00 | 69.00 | 80.00 | OK | |
| r-release-macos-x86_64 | 1.5.5 | 22.00 | 162.00 | 184.00 | OK | |
| r-release-windows-x86_64 | 1.5.5 | 26.00 | 206.00 | 232.00 | OK | |
| r-oldrel-macos-arm64 | 1.5.5 | 11.00 | 75.00 | 86.00 | OK | |
| r-oldrel-macos-x86_64 | 1.5.5 | 32.00 | 157.00 | 189.00 | NOTE | |
| r-oldrel-windows-x86_64 | 1.5.5 | 39.00 | 267.00 | 306.00 | OK | 
Version: 1.5.5
Check: installed package size
Result: NOTE
    installed size is  5.1Mb
    sub-directories of 1Mb or more:
      ShinyItemAnalysis   2.3Mb
      data                2.0Mb
Flavor: r-oldrel-macos-x86_64