Last updated on 2025-11-19 09:48:50 CET.
| Flavor | Version | Tinstall | Tcheck | Ttotal | Status | Flags |
|---|---|---|---|---|---|---|
| r-devel-linux-x86_64-debian-clang | 1.0.1 | 8.30 | 74.02 | 82.32 | OK | |
| r-devel-linux-x86_64-debian-gcc | 1.0.1 | 5.25 | 54.93 | 60.18 | OK | |
| r-devel-linux-x86_64-fedora-clang | 1.0.1 | 16.00 | 112.44 | 128.44 | OK | |
| r-devel-linux-x86_64-fedora-gcc | 1.0.1 | 33.00 | 114.30 | 147.30 | OK | |
| r-devel-windows-x86_64 | 1.0.1 | 14.00 | 88.00 | 102.00 | OK | |
| r-patched-linux-x86_64 | 1.0.1 | 8.15 | 69.90 | 78.05 | OK | |
| r-release-linux-x86_64 | 1.0.1 | 8.00 | 70.27 | 78.27 | OK | |
| r-release-macos-arm64 | 1.0.1 | 4.00 | 45.00 | 49.00 | OK | |
| r-release-macos-x86_64 | 1.0.1 | 7.00 | 74.00 | 81.00 | OK | |
| r-release-windows-x86_64 | 1.0.1 | 12.00 | 87.00 | 99.00 | OK | |
| r-oldrel-macos-arm64 | 1.0.1 | 4.00 | 43.00 | 47.00 | NOTE | |
| r-oldrel-macos-x86_64 | 1.0.1 | 6.00 | 65.00 | 71.00 | NOTE | |
| r-oldrel-windows-x86_64 | 1.0.1 | 13.00 | 106.00 | 119.00 | NOTE |
Version: 1.0.1
Check: installed package size
Result: NOTE
installed size is 6.4Mb
sub-directories of 1Mb or more:
doc 1.7Mb
extdata 4.2Mb
Flavors: r-oldrel-macos-arm64, r-oldrel-macos-x86_64, r-oldrel-windows-x86_64