Last updated on 2025-11-22 09:50:07 CET.
| Flavor | Version | Tinstall | Tcheck | Ttotal | Status | Flags |
|---|---|---|---|---|---|---|
| r-devel-linux-x86_64-debian-clang | 0.6.6 | 2.52 | 41.74 | 44.26 | NOTE | |
| r-devel-linux-x86_64-debian-gcc | 0.6.6 | 1.89 | 33.30 | 35.19 | NOTE | |
| r-devel-linux-x86_64-fedora-clang | 0.6.6 | 63.83 | OK | |||
| r-devel-windows-x86_64 | 0.6.6 | 5.00 | 76.00 | 81.00 | OK | |
| r-patched-linux-x86_64 | 0.6.6 | 2.55 | 41.08 | 43.63 | OK | |
| r-release-linux-x86_64 | 0.6.6 | 2.39 | 41.10 | 43.49 | OK | |
| r-release-macos-arm64 | 0.6.6 | OK | ||||
| r-release-macos-x86_64 | 0.6.6 | 2.00 | 57.00 | 59.00 | OK | |
| r-release-windows-x86_64 | 0.6.6 | 6.00 | 76.00 | 82.00 | OK | |
| r-oldrel-macos-arm64 | 0.6.6 | OK | ||||
| r-oldrel-macos-x86_64 | 0.6.6 | 2.00 | 49.00 | 51.00 | OK | |
| r-oldrel-windows-x86_64 | 0.6.6 | 4.00 | 89.00 | 93.00 | OK |
Version: 0.6.6
Check: CRAN incoming feasibility
Result: NOTE
Maintainer: ‘Dave Zes <zesdave@gmail.com>’
No Authors@R field in DESCRIPTION.
Please add one, modifying
Authors@R: person(given = "Dave",
family = "Zes",
role = c("aut", "cre"),
email = "zesdave@gmail.com")
as necessary.
Flavors: r-devel-linux-x86_64-debian-clang, r-devel-linux-x86_64-debian-gcc