Last updated on 2025-11-01 10:49:53 CET.
| Flavor | Version | Tinstall | Tcheck | Ttotal | Status | Flags |
|---|---|---|---|---|---|---|
| r-devel-linux-x86_64-debian-clang | 1.0.1 | 27.56 | 332.37 | 359.93 | OK | |
| r-devel-linux-x86_64-debian-gcc | 1.0.1 | 21.34 | 225.17 | 246.51 | OK | |
| r-devel-linux-x86_64-fedora-clang | 1.0.1 | 158.00 | 411.92 | 569.92 | OK | |
| r-devel-linux-x86_64-fedora-gcc | 1.0.1 | 127.00 | 488.83 | 615.83 | OK | |
| r-devel-windows-x86_64 | 1.0.1 | 27.00 | 311.00 | 338.00 | OK | |
| r-patched-linux-x86_64 | 1.0.1 | 26.08 | 320.08 | 346.16 | OK | |
| r-release-linux-x86_64 | 1.0.1 | 25.07 | 324.94 | 350.01 | OK | |
| r-release-macos-arm64 | 1.0.1 | 14.00 | 163.00 | 177.00 | OK | |
| r-release-macos-x86_64 | 1.0.1 | 44.00 | 281.00 | 325.00 | OK | |
| r-release-windows-x86_64 | 1.0.1 | 26.00 | 319.00 | 345.00 | OK | |
| r-oldrel-macos-arm64 | 1.0.1 | 15.00 | 168.00 | 183.00 | NOTE | |
| r-oldrel-macos-x86_64 | 1.0.1 | 32.00 | 302.00 | 334.00 | NOTE | |
| r-oldrel-windows-x86_64 | 1.0.1 | 38.00 | 428.00 | 466.00 | OK |
Version: 1.0.1
Check: installed package size
Result: NOTE
installed size is 5.5Mb
sub-directories of 1Mb or more:
data 4.8Mb
Flavors: r-oldrel-macos-arm64, r-oldrel-macos-x86_64