Last updated on 2025-10-31 09:50:30 CET.
| Flavor | Version | Tinstall | Tcheck | Ttotal | Status | Flags | 
|---|---|---|---|---|---|---|
| r-devel-linux-x86_64-debian-clang | 28.0-0.0 | 68.82 | 46.85 | 115.67 | OK | |
| r-devel-linux-x86_64-debian-gcc | 28.0-0.0 | 51.08 | 35.06 | 86.14 | OK | |
| r-devel-linux-x86_64-fedora-clang | 28.0-0.0 | 305.00 | -116.71 | 188.29 | OK | |
| r-devel-linux-x86_64-fedora-gcc | 28.0-0.0 | 316.00 | -115.87 | 200.13 | OK | |
| r-devel-windows-x86_64 | 28.0-0.0 | 66.00 | 62.00 | 128.00 | OK | |
| r-patched-linux-x86_64 | 28.0-0.0 | 70.48 | 44.92 | 115.40 | OK | |
| r-release-linux-x86_64 | 28.0-0.0 | 70.66 | 46.21 | 116.87 | OK | |
| r-release-macos-arm64 | 28.0-0.0 | 44.00 | 43.00 | 87.00 | OK | |
| r-release-macos-x86_64 | 28.0-0.0 | 81.00 | 64.00 | 145.00 | OK | |
| r-release-windows-x86_64 | 28.0-0.0 | 64.00 | 65.00 | 129.00 | OK | |
| r-oldrel-macos-arm64 | 28.0-0.0 | 53.00 | 35.00 | 88.00 | NOTE | |
| r-oldrel-macos-x86_64 | 28.0-0.0 | 142.00 | 94.00 | 236.00 | NOTE | |
| r-oldrel-windows-x86_64 | 28.0-0.0 | 68.00 | 75.00 | 143.00 | NOTE | 
Version: 28.0-0.0
Check: installed package size
Result: NOTE
    installed size is  7.6Mb
    sub-directories of 1Mb or more:
      data   7.5Mb
Flavors: r-oldrel-macos-arm64, r-oldrel-macos-x86_64, r-oldrel-windows-x86_64