Last updated on 2025-11-20 11:51:24 CET.
| Flavor | Version | Tinstall | Tcheck | Ttotal | Status | Flags |
|---|---|---|---|---|---|---|
| r-devel-linux-x86_64-debian-clang | 1.1.2 | 6.39 | 44.15 | 50.54 | NOTE | |
| r-devel-linux-x86_64-debian-gcc | 1.1.2 | 4.20 | 35.70 | 39.90 | NOTE | |
| r-devel-linux-x86_64-fedora-clang | 1.1.2 | 13.00 | 63.38 | 76.38 | NOTE | |
| r-devel-linux-x86_64-fedora-gcc | 1.1.2 | 12.00 | 74.22 | 86.22 | NOTE | |
| r-devel-windows-x86_64 | 1.1.2 | 9.00 | 64.00 | 73.00 | OK | |
| r-patched-linux-x86_64 | 1.1.2 | 6.04 | 40.45 | 46.49 | OK | |
| r-release-linux-x86_64 | 1.1.2 | 6.18 | 40.98 | 47.16 | OK | |
| r-release-macos-arm64 | 1.1.2 | OK | ||||
| r-release-macos-x86_64 | 1.1.2 | 7.00 | 58.00 | 65.00 | OK | |
| r-release-windows-x86_64 | 1.1.2 | 8.00 | 67.00 | 75.00 | OK | |
| r-oldrel-macos-arm64 | 1.1.2 | OK | ||||
| r-oldrel-macos-x86_64 | 1.1.2 | 6.00 | 45.00 | 51.00 | OK | |
| r-oldrel-windows-x86_64 | 1.1.2 | 11.00 | 72.00 | 83.00 | OK |
Version: 1.1.2
Check: CRAN incoming feasibility
Result: NOTE
Maintainer: ‘Mo Huang <mohuangx@gmail.com>’
Package CITATION file contains call(s) to old-style personList() or
as.personList(). Please use c() on person objects instead.
Package CITATION file contains call(s) to old-style citEntry(). Please
use bibentry() instead.
Found the following URLs which should use \doi (with the DOI name only):
File ‘SAVER-package.Rd’:
https://doi.org/10.1038/s41592-018-0033-z
Flavors: r-devel-linux-x86_64-debian-clang, r-devel-linux-x86_64-debian-gcc
Version: 1.1.2
Check: dependencies in R code
Result: NOTE
Namespace in Imports field not imported from: ‘methods’
All declared Imports should be used.
Flavors: r-devel-linux-x86_64-fedora-clang, r-devel-linux-x86_64-fedora-gcc