Last updated on 2025-10-31 09:50:29 CET.
| Flavor | Version | Tinstall | Tcheck | Ttotal | Status | Flags | 
|---|---|---|---|---|---|---|
| r-devel-linux-x86_64-debian-clang | 1.1.3 | 55.97 | 39.40 | 95.37 | NOTE | |
| r-devel-linux-x86_64-debian-gcc | 1.1.3 | 45.99 | 33.99 | 79.98 | NOTE | |
| r-devel-linux-x86_64-fedora-clang | 1.1.3 | 66.00 | 89.07 | 155.07 | NOTE | |
| r-devel-linux-x86_64-fedora-gcc | 1.1.3 | 99.00 | 77.29 | 176.29 | NOTE | |
| r-devel-windows-x86_64 | 1.1.3 | 56.00 | 80.00 | 136.00 | NOTE | |
| r-patched-linux-x86_64 | 1.1.3 | 63.69 | 44.18 | 107.87 | NOTE | |
| r-release-linux-x86_64 | 1.1.3 | 64.19 | 43.90 | 108.09 | NOTE | |
| r-release-macos-arm64 | 1.1.3 | 28.00 | 24.00 | 52.00 | NOTE | |
| r-release-macos-x86_64 | 1.1.3 | 40.00 | 38.00 | 78.00 | NOTE | |
| r-release-windows-x86_64 | 1.1.3 | 57.00 | 83.00 | 140.00 | NOTE | |
| r-oldrel-macos-arm64 | 1.1.3 | 25.00 | 21.00 | 46.00 | NOTE | |
| r-oldrel-macos-x86_64 | 1.1.3 | 30.00 | 30.00 | 60.00 | NOTE | |
| r-oldrel-windows-x86_64 | 1.1.3 | 69.00 | 99.00 | 168.00 | NOTE | 
Version: 1.1.3
Check: CRAN incoming feasibility
Result: NOTE
  Maintainer: ‘Haoming Jiang <jianghm.ustc@gmail.com>’
  
  No Authors@R field in DESCRIPTION.
  Please add one, modifying
    Authors@R: c(person(given = "Haoming",
                        family = "Jiang",
                        role = c("aut", "cre"),
                        email = "jianghm.ustc@gmail.com"),
                 person(given = "Yukun",
                        family = "Ma",
                        role = "aut"),
                 person(given = "Han",
                        family = "Liu",
                        role = "aut"),
                 person(given = "Kathryn",
                        family = "Roeder",
                        role = "aut"),
                 person(given = "Xingguo",
                        family = "Li",
                        role = "aut"),
                 person(given = "Tuo",
                        family = "Zhao",
                        role = "aut"))
  as necessary.
Flavors: r-devel-linux-x86_64-debian-clang, r-devel-linux-x86_64-debian-gcc
Version: 1.1.3
Check: C++ specification
Result: NOTE
    Specified C++11: please drop specification unless essential
Flavors: r-devel-linux-x86_64-debian-clang, r-devel-linux-x86_64-debian-gcc, r-devel-linux-x86_64-fedora-clang, r-devel-linux-x86_64-fedora-gcc, r-devel-windows-x86_64, r-patched-linux-x86_64, r-release-linux-x86_64, r-release-macos-arm64, r-release-macos-x86_64, r-release-windows-x86_64, r-oldrel-macos-arm64, r-oldrel-macos-x86_64, r-oldrel-windows-x86_64
Version: 1.1.3
Check: installed package size
Result: NOTE
    installed size is 22.4Mb
    sub-directories of 1Mb or more:
      libs  22.2Mb
Flavors: r-oldrel-macos-arm64, r-oldrel-macos-x86_64